CRAN Package Check Results for Package BayesTools

Last updated on 2022-07-04 01:50:02 CEST.

Flavor Version Tinstall Tcheck Ttotal Status Flags
r-devel-linux-x86_64-debian-clang 0.2.11 16.73 522.99 539.72 OK
r-devel-linux-x86_64-debian-gcc 0.2.11 13.81 367.25 381.06 OK
r-devel-linux-x86_64-fedora-clang 0.2.11 619.30 NOTE
r-devel-linux-x86_64-fedora-gcc 0.2.11 643.69 NOTE
r-devel-windows-x86_64 0.2.11 448.00 604.00 1052.00 OK
r-patched-linux-x86_64 0.2.11 19.13 480.92 500.05 OK
r-release-linux-x86_64 0.2.11 15.62 484.33 499.95 OK
r-release-macos-arm64 0.2.11 150.00 NOTE
r-release-macos-x86_64 0.2.11 210.00 NOTE
r-release-windows-x86_64 0.2.11 728.00 624.00 1352.00 OK
r-oldrel-macos-arm64 0.2.11 138.00 NOTE
r-oldrel-macos-x86_64 0.2.11 206.00 NOTE
r-oldrel-windows-ix86+x86_64 0.2.11 28.00 594.00 622.00 OK

Check Details

Version: 0.2.11
Check: dependencies in R code
Result: NOTE
    Namespaces in Imports field not imported from:
     ‘Rdpack’ ‘rjags’
     All declared Imports should be used.
Flavors: r-devel-linux-x86_64-fedora-clang, r-devel-linux-x86_64-fedora-gcc, r-release-macos-arm64, r-release-macos-x86_64, r-oldrel-macos-arm64, r-oldrel-macos-x86_64