CRAN Package Check Results for Package BayesTree

Last updated on 2019-07-18 15:47:20 CEST.

Flavor Version Tinstall Tcheck Ttotal Status Flags
r-devel-linux-x86_64-debian-clang 0.3-1.4 13.66 24.26 37.92 OK
r-devel-linux-x86_64-debian-gcc 0.3-1.4 9.21 20.32 29.53 OK
r-devel-linux-x86_64-fedora-clang 0.3-1.4 57.75 NOTE
r-devel-linux-x86_64-fedora-gcc 0.3-1.4 44.84 NOTE
r-devel-windows-ix86+x86_64 0.3-1.4 49.00 53.00 102.00 OK
r-patched-linux-x86_64 0.3-1.4 10.82 24.15 34.97 OK
r-patched-solaris-x86 0.3-1.4 83.40 OK
r-release-linux-x86_64 0.3-1.4 11.31 23.80 35.11 OK
r-release-windows-ix86+x86_64 0.3-1.4 31.00 76.00 107.00 OK
r-release-osx-x86_64 0.3-1.4 OK
r-oldrel-windows-ix86+x86_64 0.3-1.4 30.00 69.00 99.00 OK
r-oldrel-osx-x86_64 0.3-1.4 OK

Check Details

Version: 0.3-1.4
Check: compiled code
Result: NOTE
    File ‘BayesTree/libs/BayesTree.so’:
     Found no calls to: ‘R_registerRoutines’, ‘R_useDynamicSymbols’
    
    It is good practice to register native routines and to disable symbol
    search.
    
    See ‘Writing portable packages’ in the ‘Writing R Extensions’ manual.
Flavors: r-devel-linux-x86_64-fedora-clang, r-devel-linux-x86_64-fedora-gcc