CRAN Package Check Results for Package BayesTree

Last updated on 2021-06-21 15:49:48 CEST.

Flavor Version Tinstall Tcheck Ttotal Status Flags
r-devel-linux-x86_64-debian-clang 0.3-1.4 21.10 28.62 49.72 OK
r-devel-linux-x86_64-debian-gcc 0.3-1.4 11.00 23.22 34.22 OK
r-devel-linux-x86_64-fedora-clang 0.3-1.4 79.67 NOTE
r-devel-linux-x86_64-fedora-gcc 0.3-1.4 53.22 NOTE
r-devel-windows-x86_64 0.3-1.4 22.00 51.00 73.00 OK
r-devel-windows-x86_64-gcc10-UCRT 0.3-1.4 OK
r-patched-linux-x86_64 0.3-1.4 15.39 28.66 44.05 OK
r-patched-solaris-x86 0.3-1.4 90.90 OK
r-release-linux-x86_64 0.3-1.4 15.05 28.51 43.56 OK
r-release-macos-arm64 0.3-1.4 OK
r-release-macos-x86_64 0.3-1.4 OK
r-release-windows-ix86+x86_64 0.3-1.4 43.00 57.00 100.00 OK
r-oldrel-macos-x86_64 0.3-1.4 OK

Check Details

Version: 0.3-1.4
Check: compiled code
Result: NOTE
    File ‘BayesTree/libs/BayesTree.so’:
     Found no calls to: ‘R_registerRoutines’, ‘R_useDynamicSymbols’
    
    It is good practice to register native routines and to disable symbol
    search.
    
    See ‘Writing portable packages’ in the ‘Writing R Extensions’ manual.
Flavors: r-devel-linux-x86_64-fedora-clang, r-devel-linux-x86_64-fedora-gcc