CRAN Package Check Results for Package BayesXsrc

Last updated on 2021-04-19 03:49:06 CEST.

Flavor Version Tinstall Tcheck Ttotal Status Flags
r-devel-linux-x86_64-debian-clang 3.0-1 1020.76 46.52 1067.28 NOTE
r-devel-linux-x86_64-debian-gcc 3.0-1 745.86 33.86 779.72 NOTE
r-devel-linux-x86_64-fedora-clang 3.0-1 1659.32 NOTE
r-devel-linux-x86_64-fedora-gcc 3.0-1 1456.58 NOTE
r-devel-windows-ix86+x86_64 3.0-1 1944.00 63.00 2007.00 NOTE
r-devel-windows-x86_64-gcc10-UCRT 3.0-1 NOTE
r-patched-linux-x86_64 3.0-1 850.47 42.39 892.86 NOTE
r-patched-solaris-x86 3.0-1 2914.20 NOTE
r-release-linux-x86_64 3.0-1 854.67 41.86 896.53 NOTE
r-release-macos-x86_64 3.0-1 NOTE
r-release-windows-ix86+x86_64 3.0-1 1932.00 70.00 2002.00 NOTE
r-oldrel-macos-x86_64 3.0-1 ERROR
r-oldrel-windows-ix86+x86_64 3.0-1 1536.00 80.00 1616.00 NOTE

Check Details

Version: 3.0-1
Check: for GNU extensions in Makefiles
Result: NOTE
    GNU make is a SystemRequirements.
Flavors: r-devel-linux-x86_64-debian-clang, r-devel-linux-x86_64-debian-gcc, r-devel-linux-x86_64-fedora-clang, r-devel-linux-x86_64-fedora-gcc, r-devel-windows-ix86+x86_64, r-devel-windows-x86_64-gcc10-UCRT, r-patched-linux-x86_64, r-patched-solaris-x86, r-release-linux-x86_64, r-release-macos-x86_64, r-release-windows-ix86+x86_64, r-oldrel-windows-ix86+x86_64

Version: 3.0-1
Check: installed package size
Result: NOTE
     installed size is 100.4Mb
     sub-directories of 1Mb or more:
     libs 100.3Mb
Flavors: r-devel-linux-x86_64-fedora-clang, r-devel-windows-ix86+x86_64, r-patched-solaris-x86, r-release-macos-x86_64, r-release-windows-ix86+x86_64, r-oldrel-windows-ix86+x86_64

Version: 3.0-1
Check: whether package can be installed
Result: ERROR
    Installation failed.
Flavor: r-oldrel-macos-x86_64