Last updated on 2023-11-28 10:53:21 CET.
Flavor | Version | Tinstall | Tcheck | Ttotal | Status | Flags |
---|---|---|---|---|---|---|
r-devel-linux-x86_64-debian-clang | 0.3.5 | 80.33 | 166.35 | 246.68 | NOTE | |
r-devel-linux-x86_64-debian-gcc | 0.3.5 | 58.52 | 123.45 | 181.97 | NOTE | |
r-devel-linux-x86_64-fedora-clang | 0.3.5 | 308.45 | NOTE | |||
r-devel-linux-x86_64-fedora-gcc | 0.3.5 | 172.56 | NOTE | |||
r-devel-windows-x86_64 | 0.3.5 | 61.00 | 168.00 | 229.00 | NOTE | |
r-patched-linux-x86_64 | 0.3.5 | 78.80 | 160.62 | 239.42 | NOTE | |
r-release-linux-x86_64 | 0.3.5 | 66.03 | 156.64 | 222.67 | NOTE | |
r-release-macos-arm64 | 0.3.5 | 76.00 | NOTE | |||
r-release-macos-x86_64 | 0.3.5 | 117.00 | NOTE | |||
r-release-windows-x86_64 | 0.3.5 | 80.00 | 195.00 | 275.00 | NOTE | |
r-oldrel-macos-arm64 | 0.3.5 | 70.00 | NOTE | |||
r-oldrel-macos-x86_64 | 0.3.5 | 99.00 | NOTE | |||
r-oldrel-windows-x86_64 | 0.3.5 | 76.00 | 188.00 | 264.00 | NOTE |
Version: 0.3.5
Check: package dependencies
Result: NOTE
Package suggested but not available for checking: ‘INLA’
Flavors: r-devel-linux-x86_64-debian-clang, r-devel-linux-x86_64-debian-gcc, r-devel-windows-x86_64, r-patched-linux-x86_64, r-release-linux-x86_64, r-release-macos-arm64, r-release-macos-x86_64, r-release-windows-x86_64, r-oldrel-macos-arm64, r-oldrel-macos-x86_64, r-oldrel-windows-x86_64
Version: 0.3.5
Check: Rd files
Result: NOTE
checkRd: (-1) is.BfMRI.sess.Rd:23: Lost braces in \itemize; meant \describe ?
checkRd: (-1) is.BfMRI.sess.Rd:24: Lost braces in \itemize; meant \describe ?
checkRd: (-1) is.BfMRI.sess.Rd:25: Lost braces in \itemize; meant \describe ?
checkRd: (-1) is.a_session.Rd:22: Lost braces in \itemize; meant \describe ?
checkRd: (-1) is.a_session.Rd:23: Lost braces in \itemize; meant \describe ?
checkRd: (-1) is.a_session.Rd:24: Lost braces in \itemize; meant \describe ?
Flavors: r-devel-linux-x86_64-debian-clang, r-devel-linux-x86_64-debian-gcc
Version: 0.3.5
Check: Rd \usage sections
Result: NOTE
Documented arguments not in \usage in Rd file 'Q_prime.Rd':
‘spdean’
Documented arguments not in \usage in Rd file 'neg_kappa_fn4.Rd':
‘spde_mats’
Functions with \usage entries need to have the appropriate \alias
entries, and all their arguments documented.
The \usage entries must correspond to syntactically valid R code.
See chapter ‘Writing R documentation files’ in the ‘Writing R
Extensions’ manual.
Flavors: r-devel-linux-x86_64-debian-clang, r-devel-linux-x86_64-debian-gcc, r-devel-linux-x86_64-fedora-clang, r-devel-linux-x86_64-fedora-gcc, r-devel-windows-x86_64
Version: 0.3.5
Check: installed package size
Result: NOTE
installed size is 12.2Mb
sub-directories of 1Mb or more:
libs 11.7Mb
Flavors: r-release-macos-arm64, r-release-macos-x86_64, r-oldrel-macos-arm64, r-oldrel-macos-x86_64