CRAN Package Check Results for Package BayesianAnimalTracker

Last updated on 2019-05-20 14:46:59 CEST.

Flavor Version Tinstall Tcheck Ttotal Status Flags
r-devel-linux-x86_64-debian-clang 1.2 5.16 40.24 45.40 NOTE
r-devel-linux-x86_64-debian-gcc 1.2 3.86 32.37 36.23 NOTE
r-devel-linux-x86_64-fedora-clang 1.2 57.32 NOTE
r-devel-linux-x86_64-fedora-gcc 1.2 55.14 NOTE
r-devel-windows-ix86+x86_64 1.2 13.00 75.00 88.00 NOTE
r-patched-linux-x86_64 1.2 4.89 40.97 45.86 NOTE
r-patched-solaris-x86 1.2 84.30 NOTE
r-release-linux-x86_64 1.2 4.76 40.33 45.09 NOTE
r-release-windows-ix86+x86_64 1.2 15.00 77.00 92.00 NOTE
r-release-osx-x86_64 1.2 NOTE
r-oldrel-windows-ix86+x86_64 1.2 5.00 54.00 59.00 NOTE
r-oldrel-osx-x86_64 1.2 NOTE

Check Details

Version: 1.2
Check: R code for possible problems
Result: NOTE
    BMAnimalTrack: no visible global function definition for 'nlm'
    BMAnimalTrack: no visible global function definition for 'qnorm'
    dataSim: no visible global function definition for 'rnorm'
    rBBridge: no visible global function definition for 'rnorm'
    rBMotion: no visible global function definition for 'rnorm'
    Undefined global functions or variables:
     nlm qnorm rnorm
    Consider adding
     importFrom("stats", "nlm", "qnorm", "rnorm")
    to your NAMESPACE file.
Flavors: r-devel-linux-x86_64-debian-clang, r-devel-linux-x86_64-debian-gcc, r-devel-linux-x86_64-fedora-clang, r-devel-linux-x86_64-fedora-gcc, r-devel-windows-ix86+x86_64, r-patched-linux-x86_64, r-patched-solaris-x86, r-release-linux-x86_64, r-release-windows-ix86+x86_64, r-release-osx-x86_64, r-oldrel-windows-ix86+x86_64, r-oldrel-osx-x86_64