CRAN Package Check Results for Package BayesianAnimalTracker

Last updated on 2019-03-21 12:54:40 CET.

Flavor Version Tinstall Tcheck Ttotal Status Flags
r-devel-linux-x86_64-debian-clang 1.2 3.48 40.16 43.64 NOTE
r-devel-linux-x86_64-debian-gcc 1.2 3.68 32.20 35.88 NOTE
r-devel-linux-x86_64-fedora-clang 1.2 55.71 NOTE
r-devel-linux-x86_64-fedora-gcc 1.2 55.25 NOTE
r-devel-windows-ix86+x86_64 1.2 14.00 72.00 86.00 NOTE
r-patched-linux-x86_64 1.2 3.70 37.99 41.69 NOTE
r-patched-solaris-x86 1.2 75.20 NOTE
r-release-linux-x86_64 1.2 2.44 38.04 40.48 NOTE
r-release-windows-ix86+x86_64 1.2 9.00 76.00 85.00 NOTE
r-release-osx-x86_64 1.2 NOTE
r-oldrel-windows-ix86+x86_64 1.2 9.00 70.00 79.00 NOTE
r-oldrel-osx-x86_64 1.2 NOTE

Check Details

Version: 1.2
Check: R code for possible problems
Result: NOTE
    BMAnimalTrack: no visible global function definition for 'nlm'
    BMAnimalTrack: no visible global function definition for 'qnorm'
    dataSim: no visible global function definition for 'rnorm'
    rBBridge: no visible global function definition for 'rnorm'
    rBMotion: no visible global function definition for 'rnorm'
    Undefined global functions or variables:
     nlm qnorm rnorm
    Consider adding
     importFrom("stats", "nlm", "qnorm", "rnorm")
    to your NAMESPACE file.
Flavors: r-devel-linux-x86_64-debian-clang, r-devel-linux-x86_64-debian-gcc, r-devel-linux-x86_64-fedora-clang, r-devel-linux-x86_64-fedora-gcc, r-devel-windows-ix86+x86_64, r-patched-linux-x86_64, r-patched-solaris-x86, r-release-linux-x86_64, r-release-windows-ix86+x86_64, r-release-osx-x86_64, r-oldrel-windows-ix86+x86_64, r-oldrel-osx-x86_64