CRAN Package Check Results for Package BayesianAnimalTracker

Last updated on 2020-12-01 12:49:13 CET.

Flavor Version Tinstall Tcheck Ttotal Status Flags
r-devel-linux-x86_64-debian-clang 1.2 7.43 47.47 54.90 NOTE
r-devel-linux-x86_64-debian-gcc 1.2 4.94 36.70 41.64 NOTE
r-devel-linux-x86_64-fedora-clang 1.2 72.64 NOTE
r-devel-linux-x86_64-fedora-gcc 1.2 61.97 NOTE
r-devel-windows-ix86+x86_64 1.2 12.00 67.00 79.00 NOTE
r-patched-linux-x86_64 1.2 6.92 45.38 52.30 NOTE
r-patched-solaris-x86 1.2 92.10 NOTE
r-release-linux-x86_64 1.2 6.20 45.97 52.17 NOTE
r-release-macos-x86_64 1.2 NOTE
r-release-windows-ix86+x86_64 1.2 12.00 50.00 62.00 NOTE
r-oldrel-macos-x86_64 1.2 NOTE
r-oldrel-windows-ix86+x86_64 1.2 8.00 61.00 69.00 NOTE

Check Details

Version: 1.2
Check: R code for possible problems
Result: NOTE
    BMAnimalTrack: no visible global function definition for 'nlm'
    BMAnimalTrack: no visible global function definition for 'qnorm'
    dataSim: no visible global function definition for 'rnorm'
    rBBridge: no visible global function definition for 'rnorm'
    rBMotion: no visible global function definition for 'rnorm'
    Undefined global functions or variables:
     nlm qnorm rnorm
    Consider adding
     importFrom("stats", "nlm", "qnorm", "rnorm")
    to your NAMESPACE file.
Flavors: r-devel-linux-x86_64-debian-clang, r-devel-linux-x86_64-debian-gcc, r-devel-linux-x86_64-fedora-clang, r-devel-linux-x86_64-fedora-gcc, r-devel-windows-ix86+x86_64, r-patched-linux-x86_64, r-patched-solaris-x86, r-release-linux-x86_64, r-release-macos-x86_64, r-release-windows-ix86+x86_64, r-oldrel-macos-x86_64, r-oldrel-windows-ix86+x86_64