CRAN Package Check Results for Package BayesianGLasso

Last updated on 2023-09-21 12:57:07 CEST.

Flavor Version Tinstall Tcheck Ttotal Status Flags
r-devel-linux-x86_64-debian-clang 0.2.0 2.28 20.04 22.32 NOTE
r-devel-linux-x86_64-debian-gcc 0.2.0 1.68 16.57 18.25 NOTE
r-devel-linux-x86_64-fedora-clang 0.2.0 29.83 NOTE
r-devel-linux-x86_64-fedora-gcc 0.2.0 29.64 NOTE
r-devel-windows-x86_64 0.2.0 3.00 40.00 43.00 NOTE
r-patched-linux-x86_64 0.2.0 1.79 21.15 22.94 NOTE
r-release-linux-x86_64 0.2.0 1.38 21.52 22.90 NOTE
r-release-macos-arm64 0.2.0 15.00 NOTE
r-release-macos-x86_64 0.2.0 20.00 NOTE
r-release-windows-x86_64 0.2.0 3.00 38.00 41.00 NOTE
r-oldrel-macos-arm64 0.2.0 15.00 NOTE
r-oldrel-macos-x86_64 0.2.0 20.00 NOTE
r-oldrel-windows-x86_64 0.2.0 4.00 40.00 44.00 NOTE

Check Details

Version: 0.2.0
Check: LazyData
Result: NOTE
     'LazyData' is specified without a 'data' directory
Flavors: r-devel-linux-x86_64-debian-clang, r-devel-linux-x86_64-debian-gcc, r-devel-linux-x86_64-fedora-clang, r-devel-linux-x86_64-fedora-gcc, r-devel-windows-x86_64, r-patched-linux-x86_64, r-release-linux-x86_64, r-release-macos-arm64, r-release-macos-x86_64, r-release-windows-x86_64, r-oldrel-macos-arm64, r-oldrel-macos-x86_64, r-oldrel-windows-x86_64