CRAN Package Check Results for Package BayesianNetwork

Last updated on 2019-06-25 09:50:36 CEST.

Flavor Version Tinstall Tcheck Ttotal Status Flags
r-devel-linux-x86_64-debian-clang 0.1.5 5.87 52.92 58.79 OK
r-devel-linux-x86_64-debian-gcc 0.1.5 4.58 41.73 46.31 OK
r-devel-linux-x86_64-fedora-clang 0.1.5 71.02 NOTE
r-devel-linux-x86_64-fedora-gcc 0.1.5 68.26 NOTE
r-devel-windows-ix86+x86_64 0.1.5 34.00 127.00 161.00 OK
r-patched-linux-x86_64 0.1.5 5.85 51.82 57.67 OK
r-patched-solaris-x86 0.1.5 115.80 NOTE
r-release-linux-x86_64 0.1.5 6.12 52.17 58.29 OK
r-release-windows-ix86+x86_64 0.1.5 17.00 117.00 134.00 OK
r-release-osx-x86_64 0.1.5 NOTE
r-oldrel-windows-ix86+x86_64 0.1.5 11.00 66.00 77.00 OK
r-oldrel-osx-x86_64 0.1.5 NOTE

Check Details

Version: 0.1.5
Check: dependencies in R code
Result: NOTE
    Namespaces in Imports field not imported from:
     ‘shinytest’ ‘testthat’
     All declared Imports should be used.
Flavors: r-devel-linux-x86_64-fedora-clang, r-devel-linux-x86_64-fedora-gcc, r-patched-solaris-x86, r-release-osx-x86_64, r-oldrel-osx-x86_64