CRAN Package Check Results for Package BayesianNetwork

Last updated on 2019-01-20 01:50:49 CET.

Flavor Version Tinstall Tcheck Ttotal Status Flags
r-devel-linux-x86_64-debian-clang 0.1.5 7.06 82.96 90.02 OK
r-devel-linux-x86_64-debian-gcc 0.1.5 5.17 64.26 69.43 OK
r-devel-linux-x86_64-fedora-clang 0.1.5 106.25 NOTE
r-devel-linux-x86_64-fedora-gcc 0.1.5 99.62 NOTE
r-devel-windows-ix86+x86_64 0.1.5 24.00 134.00 158.00 OK
r-patched-linux-x86_64 0.1.5 6.26 76.67 82.93 OK
r-patched-solaris-x86 0.1.5 150.40 NOTE
r-release-linux-x86_64 0.1.5 6.30 76.45 82.75 OK
r-release-windows-ix86+x86_64 0.1.5 30.00 131.00 161.00 OK
r-release-osx-x86_64 0.1.5 NOTE
r-oldrel-windows-ix86+x86_64 0.1.5 34.00 143.00 177.00 OK
r-oldrel-osx-x86_64 0.1.5 NOTE

Check Details

Version: 0.1.5
Check: dependencies in R code
Result: NOTE
    Namespaces in Imports field not imported from:
     ‘shinytest’ ‘testthat’
     All declared Imports should be used.
Flavors: r-devel-linux-x86_64-fedora-clang, r-devel-linux-x86_64-fedora-gcc, r-patched-solaris-x86, r-release-osx-x86_64, r-oldrel-osx-x86_64