CRAN Package Check Results for Package BayesianNetwork

Last updated on 2019-03-24 03:46:39 CET.

Flavor Version Tinstall Tcheck Ttotal Status Flags
r-devel-linux-x86_64-debian-clang 0.1.5 10.11 78.68 88.79 OK
r-devel-linux-x86_64-debian-gcc 0.1.5 7.42 62.79 70.21 OK
r-devel-linux-x86_64-fedora-clang 0.1.5 94.52 NOTE
r-devel-linux-x86_64-fedora-gcc 0.1.5 101.90 NOTE
r-devel-windows-ix86+x86_64 0.1.5 32.00 142.00 174.00 OK
r-patched-linux-x86_64 0.1.5 5.73 76.00 81.73 OK
r-patched-solaris-x86 0.1.5 144.50 NOTE
r-release-linux-x86_64 0.1.5 0.60 2.24 2.84 ERROR
r-release-windows-ix86+x86_64 0.1.5 16.00 129.00 145.00 OK
r-release-osx-x86_64 0.1.5 NOTE
r-oldrel-windows-ix86+x86_64 0.1.5 14.00 108.00 122.00 OK
r-oldrel-osx-x86_64 0.1.5 NOTE

Check Details

Version: 0.1.5
Check: dependencies in R code
Result: NOTE
    Namespaces in Imports field not imported from:
     ‘shinytest’ ‘testthat’
     All declared Imports should be used.
Flavors: r-devel-linux-x86_64-fedora-clang, r-devel-linux-x86_64-fedora-gcc, r-patched-solaris-x86, r-release-osx-x86_64, r-oldrel-osx-x86_64

Version: 0.1.5
Check: whether package can be installed
Result: ERROR
    Installation failed.
Flavor: r-release-linux-x86_64