CRAN Package Check Results for Package BayesianTools

Last updated on 2019-03-23 14:46:46 CET.

Flavor Version Tinstall Tcheck Ttotal Status Flags
r-devel-linux-x86_64-debian-clang 0.1.6 25.07 209.02 234.09 OK
r-devel-linux-x86_64-debian-gcc 0.1.6 20.83 157.83 178.66 OK
r-devel-linux-x86_64-fedora-clang 0.1.6 305.69 OK
r-devel-linux-x86_64-fedora-gcc 0.1.6 288.27 OK
r-devel-windows-ix86+x86_64 0.1.6 74.00 360.00 434.00 OK
r-patched-linux-x86_64 0.1.6 23.09 207.23 230.32 OK
r-patched-solaris-x86 0.1.6 340.90 OK
r-release-linux-x86_64 0.1.6 0.55 3.72 4.27 ERROR
r-release-windows-ix86+x86_64 0.1.6 45.00 276.00 321.00 OK
r-release-osx-x86_64 0.1.6 OK
r-oldrel-windows-ix86+x86_64 0.1.6 53.00 380.00 433.00 OK
r-oldrel-osx-x86_64 0.1.6 OK

Check Details

Version: 0.1.6
Check: whether package can be installed
Result: ERROR
    Installation failed.
Flavor: r-release-linux-x86_64