CRAN Package Check Results for Package BayesianTools

Last updated on 2018-06-25 03:48:54 CEST.

Flavor Version Tinstall Tcheck Ttotal Status Flags
r-devel-linux-x86_64-debian-clang 0.1.4 22.16 419.30 441.46 WARN
r-devel-linux-x86_64-debian-gcc 0.1.4 19.31 359.70 379.01 WARN
r-devel-linux-x86_64-fedora-clang 0.1.4 594.61 WARN
r-devel-linux-x86_64-fedora-gcc 0.1.4 569.48 WARN
r-devel-windows-ix86+x86_64 0.1.4 57.00 935.00 992.00 WARN
r-patched-linux-x86_64 0.1.4 23.75 445.30 469.05 OK
r-patched-solaris-x86 0.1.4 1093.20 OK
r-release-linux-x86_64 0.1.4 20.39 439.68 460.07 OK
r-release-windows-ix86+x86_64 0.1.4 54.00 1106.00 1160.00 OK
r-release-osx-x86_64 0.1.4 OK
r-oldrel-windows-ix86+x86_64 0.1.4 47.00 799.00 846.00 OK
r-oldrel-osx-x86_64 0.1.4 OK

Check Details

Version: 0.1.4
Check: for unstated dependencies in ‘tests’
Result: WARN
    'library' or 'require' call not declared from: ‘Matching’
Flavors: r-devel-linux-x86_64-debian-clang, r-devel-linux-x86_64-debian-gcc, r-devel-linux-x86_64-fedora-clang, r-devel-linux-x86_64-fedora-gcc, r-devel-windows-ix86+x86_64