CRAN Package Check Results for Package BcDiag

Last updated on 2019-07-18 15:47:20 CEST.

Flavor Version Tinstall Tcheck Ttotal Status Flags
r-devel-linux-x86_64-debian-clang 1.0.10 5.09 54.07 59.16 NOTE
r-devel-linux-x86_64-debian-gcc 1.0.10 3.55 43.99 47.54 NOTE
r-devel-linux-x86_64-fedora-clang 1.0.10 69.92 NOTE
r-devel-linux-x86_64-fedora-gcc 1.0.10 70.51 NOTE
r-devel-windows-ix86+x86_64 1.0.10 12.00 67.00 79.00 OK
r-patched-linux-x86_64 1.0.10 5.18 54.89 60.07 OK
r-patched-solaris-x86 1.0.10 126.50 OK
r-release-linux-x86_64 1.0.10 4.58 54.31 58.89 OK
r-release-windows-ix86+x86_64 1.0.10 15.00 100.00 115.00 OK
r-release-osx-x86_64 1.0.10 ERROR
r-oldrel-windows-ix86+x86_64 1.0.10 5.00 87.00 92.00 OK
r-oldrel-osx-x86_64 1.0.10 OK

Check Details

Version: 1.0.10
Check: for non-standard things in the check directory
Result: NOTE
    Found the following files/directories:
     'fabiabreast.txt'
Flavors: r-devel-linux-x86_64-debian-clang, r-devel-linux-x86_64-debian-gcc, r-devel-linux-x86_64-fedora-clang, r-devel-linux-x86_64-fedora-gcc

Version: 1.0.10
Check: package dependencies
Result: ERROR
    Package required but not available: ‘fabia’
    
    See section ‘The DESCRIPTION file’ in the ‘Writing R Extensions’
    manual.
Flavor: r-release-osx-x86_64