CRAN Package Check Results for Package BcDiag

Last updated on 2019-05-21 22:51:20 CEST.

Flavor Version Tinstall Tcheck Ttotal Status Flags
r-devel-linux-x86_64-debian-clang 1.0.10 4.75 53.85 58.60 OK
r-devel-linux-x86_64-debian-gcc 1.0.10 3.92 43.90 47.82 OK
r-devel-linux-x86_64-fedora-clang 1.0.10 75.12 OK
r-devel-linux-x86_64-fedora-gcc 1.0.10 74.36 OK
r-devel-windows-ix86+x86_64 1.0.10 10.00 91.00 101.00 OK
r-patched-linux-x86_64 1.0.10 5.17 54.94 60.11 OK
r-patched-solaris-x86 1.0.10 127.30 OK
r-release-linux-x86_64 1.0.10 4.37 54.14 58.51 OK
r-release-windows-ix86+x86_64 1.0.10 12.00 93.00 105.00 OK
r-release-osx-x86_64 1.0.10 ERROR
r-oldrel-windows-ix86+x86_64 1.0.10 6.00 67.00 73.00 OK
r-oldrel-osx-x86_64 1.0.10 OK

Check Details

Version: 1.0.10
Check: package dependencies
Result: ERROR
    Package required but not available: ‘fabia’
    
    See section ‘The DESCRIPTION file’ in the ‘Writing R Extensions’
    manual.
Flavor: r-release-osx-x86_64