CRAN Package Check Results for Package BcDiag

Last updated on 2020-05-28 17:50:01 CEST.

Flavor Version Tinstall Tcheck Ttotal Status Flags
r-devel-linux-x86_64-debian-clang 1.0.10 5.81 58.40 64.21 NOTE
r-devel-linux-x86_64-debian-gcc 1.0.10 4.30 46.48 50.78 NOTE
r-devel-linux-x86_64-fedora-clang 1.0.10 78.00 NOTE
r-devel-linux-x86_64-fedora-gcc 1.0.10 75.10 NOTE
r-devel-windows-ix86+x86_64 1.0.10 10.00 95.00 105.00 OK
r-patched-linux-x86_64 1.0.10 5.69 58.12 63.81 NOTE
r-patched-solaris-x86 1.0.10 131.40 NOTE
r-release-linux-x86_64 1.0.10 5.42 58.07 63.49 NOTE
r-release-osx-x86_64 1.0.10 OK
r-release-windows-ix86+x86_64 1.0.10 9.00 97.00 106.00 OK
r-oldrel-osx-x86_64 1.0.10 OK
r-oldrel-windows-ix86+x86_64 1.0.10 13.00 69.00 82.00 OK

Check Details

Version: 1.0.10
Check: for non-standard things in the check directory
Result: NOTE
    Found the following files/directories:
     'fabiabreast.txt'
Flavors: r-devel-linux-x86_64-debian-clang, r-devel-linux-x86_64-debian-gcc, r-devel-linux-x86_64-fedora-clang, r-devel-linux-x86_64-fedora-gcc, r-patched-linux-x86_64, r-patched-solaris-x86, r-release-linux-x86_64