CRAN Package Check Results for Package BeeBDC

Last updated on 2024-02-26 19:50:03 CET.

Flavor Version Tinstall Tcheck Ttotal Status Flags
r-devel-linux-x86_64-debian-clang 1.0.4 45.13 578.92 624.05 OK
r-devel-linux-x86_64-debian-gcc 1.0.4 37.09 423.15 460.24 OK
r-devel-linux-x86_64-fedora-clang 1.0.4 766.19 NOTE
r-devel-linux-x86_64-fedora-gcc 1.0.4 794.70 NOTE
r-devel-windows-x86_64 1.0.4 37.00 403.00 440.00 OK
r-patched-linux-x86_64 1.0.4 48.00 550.73 598.73 OK
r-release-linux-x86_64 1.0.4 41.53 555.34 596.87 OK
r-release-macos-arm64 1.0.4 205.00 ERROR
r-release-macos-x86_64 1.0.4 435.00 OK
r-release-windows-x86_64 1.0.4 47.00 546.00 593.00 OK
r-oldrel-macos-arm64 1.0.4 189.00 ERROR
r-oldrel-windows-x86_64 1.0.4 49.00 513.00 562.00 OK

Check Details

Version: 1.0.4
Check: data for non-ASCII characters
Result: NOTE Note: found 107 marked UTF-8 strings Flavors: r-devel-linux-x86_64-fedora-clang, r-devel-linux-x86_64-fedora-gcc

Version: 1.0.4
Check: tests
Result: ERROR Running ‘testthat.R’ [26s/35s] Running the tests in ‘tests/testthat.R’ failed. Last 13 lines of output: ── Error ('test-formattedCombiner.R:61:1'): (code run outside of `test_that()`) ── Error in `xml2::read_xml(.)`: `x` must be a single string, not a character vector. Backtrace: ▆ 1. ├─BeeBDC::formattedCombiner(...) at test-formattedCombiner.R:61:1 2. │ └─... %>% xml2::read_xml() 3. ├─xml2::read_xml(.) 4. └─xml2:::read_xml.character(x = .) 5. └─xml2:::check_string(x) 6. └─xml2:::stop_input_type(...) 7. └─rlang::abort(message, ..., call = call, arg = arg) [ FAIL 1 | WARN 3 | SKIP 0 | PASS 229 ] Error: Test failures Execution halted Flavor: r-release-macos-arm64

Version: 1.0.4
Check: tests
Result: ERROR Running ‘testthat.R’ [25s/32s] Running the tests in ‘tests/testthat.R’ failed. Last 13 lines of output: ── Error ('test-formattedCombiner.R:61:1'): (code run outside of `test_that()`) ── Error in `xml2::read_xml(.)`: `x` must be a single string, not a character vector. Backtrace: ▆ 1. ├─BeeBDC::formattedCombiner(...) at test-formattedCombiner.R:61:1 2. │ └─... %>% xml2::read_xml() 3. ├─xml2::read_xml(.) 4. └─xml2:::read_xml.character(x = .) 5. └─xml2:::check_string(x) 6. └─xml2:::stop_input_type(...) 7. └─rlang::abort(message, ..., call = call, arg = arg) [ FAIL 1 | WARN 3 | SKIP 0 | PASS 229 ] Error: Test failures Execution halted Flavor: r-oldrel-macos-arm64