CRAN Package Check Results for Package BetaBit

Last updated on 2019-09-19 02:47:43 CEST.

Flavor Version Tinstall Tcheck Ttotal Status Flags
r-devel-linux-x86_64-debian-clang 1.3 3.72 20.80 24.52 OK
r-devel-linux-x86_64-debian-gcc 1.3 3.06 16.75 19.81 OK
r-devel-linux-x86_64-fedora-clang 1.3 31.08 NOTE
r-devel-linux-x86_64-fedora-gcc 1.3 30.42 NOTE
r-devel-windows-ix86+x86_64 1.3 9.00 33.00 42.00 OK
r-patched-linux-x86_64 1.3 3.01 20.68 23.69 OK
r-patched-solaris-x86 1.3 44.00 NOTE
r-release-linux-x86_64 1.3 3.19 20.94 24.13 OK
r-release-windows-ix86+x86_64 1.3 7.00 56.00 63.00 OK
r-release-osx-x86_64 1.3 NOTE
r-oldrel-windows-ix86+x86_64 1.3 5.00 33.00 38.00 OK
r-oldrel-osx-x86_64 1.3 NOTE

Check Details

Version: 1.3
Check: data for non-ASCII characters
Result: NOTE
     Note: found 20 marked UTF-8 strings
Flavors: r-devel-linux-x86_64-fedora-clang, r-devel-linux-x86_64-fedora-gcc, r-patched-solaris-x86, r-release-osx-x86_64, r-oldrel-osx-x86_64