CRAN Package Check Results for Package BetaBit

Last updated on 2019-06-26 14:47:22 CEST.

Flavor Version Tinstall Tcheck Ttotal Status Flags
r-devel-linux-x86_64-debian-clang 1.3 3.03 21.10 24.13 OK
r-devel-linux-x86_64-debian-gcc 1.3 3.24 17.10 20.34 OK
r-devel-linux-x86_64-fedora-clang 1.3 30.10 NOTE
r-devel-linux-x86_64-fedora-gcc 1.3 29.36 NOTE
r-devel-windows-ix86+x86_64 1.3 9.00 34.00 43.00 OK
r-patched-linux-x86_64 1.3 3.55 21.10 24.65 OK
r-patched-solaris-x86 1.3 46.10 NOTE
r-release-linux-x86_64 1.3 3.59 21.50 25.09 OK
r-release-windows-ix86+x86_64 1.3 7.00 54.00 61.00 OK
r-release-osx-x86_64 1.3 NOTE
r-oldrel-windows-ix86+x86_64 1.3 5.00 32.00 37.00 OK
r-oldrel-osx-x86_64 1.3 NOTE

Check Details

Version: 1.3
Check: data for non-ASCII characters
Result: NOTE
     Note: found 20 marked UTF-8 strings
Flavors: r-devel-linux-x86_64-fedora-clang, r-devel-linux-x86_64-fedora-gcc, r-patched-solaris-x86, r-release-osx-x86_64, r-oldrel-osx-x86_64