CRAN Package Check Results for Package BiDAG

Last updated on 2025-01-21 01:49:52 CET.

Flavor Version Tinstall Tcheck Ttotal Status Flags
r-devel-linux-x86_64-debian-clang 2.1.4 30.50 150.50 181.00 OK
r-devel-linux-x86_64-debian-gcc 2.1.4 21.80 97.33 119.13 OK
r-devel-linux-x86_64-fedora-clang 2.1.4 307.36 NOTE
r-devel-linux-x86_64-fedora-gcc 2.1.4 283.13 NOTE
r-devel-windows-x86_64 2.1.4 34.00 160.00 194.00 OK
r-patched-linux-x86_64 2.1.4 32.48 139.28 171.76 OK
r-release-linux-x86_64 2.1.4 28.99 139.95 168.94 OK
r-release-macos-arm64 2.1.4 66.00 OK
r-release-macos-x86_64 2.1.4 108.00 OK
r-release-windows-x86_64 2.1.4 36.00 158.00 194.00 OK
r-oldrel-macos-arm64 2.1.4 70.00 OK
r-oldrel-macos-x86_64 2.1.4 205.00 OK
r-oldrel-windows-x86_64 2.1.4 40.00 211.00 251.00 OK

Check Details

Version: 2.1.4
Check: dependencies in R code
Result: NOTE Namespace in Imports field not imported from: ‘RBGL’ All declared Imports should be used. Flavors: r-devel-linux-x86_64-fedora-clang, r-devel-linux-x86_64-fedora-gcc