CRAN Package Check Results for Package BiSEp

Last updated on 2018-06-21 03:49:23 CEST.

Flavor Version Tinstall Tcheck Ttotal Status Flags
r-devel-linux-x86_64-debian-clang 2.2 11.50 171.56 183.06 OK
r-devel-linux-x86_64-debian-gcc 2.2 7.50 152.93 160.43 OK
r-devel-linux-x86_64-fedora-clang 2.2 249.10 OK
r-devel-linux-x86_64-fedora-gcc 2.2 237.06 OK
r-devel-windows-ix86+x86_64 2.2 21.00 213.00 234.00 OK
r-patched-linux-x86_64 2.2 6.65 176.09 182.74 NOTE
r-patched-solaris-x86 2.2 423.40 OK
r-release-linux-x86_64 2.2 5.46 171.31 176.77 NOTE
r-release-windows-ix86+x86_64 2.2 12.00 244.00 256.00 OK
r-release-osx-x86_64 2.2 OK
r-oldrel-windows-ix86+x86_64 2.2 19.00 183.00 202.00 OK
r-oldrel-osx-x86_64 2.2 ERROR

Check Details

Version: 2.2
Check: DESCRIPTION meta-information
Result: NOTE
    Dependence on R version ‘3.3.1’ not with patchlevel 0
Flavors: r-patched-linux-x86_64, r-release-linux-x86_64

Version: 2.2
Check: package dependencies
Result: NOTE
    Packages suggested but not available for checking: ‘GO.db’ ‘org.Hs.eg.db’
Flavor: r-oldrel-osx-x86_64

Version: 2.2
Check: whether package can be installed
Result: ERROR
    Installation failed.
Flavor: r-oldrel-osx-x86_64