CRAN Package Check Results for Package BiSEp

Last updated on 2017-10-21 17:49:17.

Flavor Version Tinstall Tcheck Ttotal Status Flags
r-devel-linux-x86_64-debian-clang 2.2 4.83 128.94 133.77 OK
r-devel-linux-x86_64-debian-gcc 2.2 5.11 125.19 130.30 OK
r-devel-linux-x86_64-fedora-clang 2.2 252.93 OK
r-devel-linux-x86_64-fedora-gcc 2.2 246.34 OK
r-devel-windows-ix86+x86_64 2.2 13.00 237.00 250.00 OK
r-patched-linux-x86_64 2.2 5.19 116.38 121.57 OK
r-patched-solaris-x86 2.2 357.10 OK
r-release-linux-x86_64 2.2 5.31 117.41 122.72 OK
r-release-windows-ix86+x86_64 2.2 20.00 236.00 256.00 OK
r-release-osx-x86_64 2.2 ERROR
r-oldrel-windows-ix86+x86_64 2.2 13.00 212.00 225.00 OK
r-oldrel-osx-x86_64 2.2 ERROR

Check Details

Version: 2.2
Check: package dependencies
Result: ERROR
    Packages required but not available: ‘GOSemSim’ ‘AnnotationDbi’
    
    Packages suggested but not available for checking: ‘GO.db’ ‘org.Hs.eg.db’
    
    See section ‘The DESCRIPTION file’ in the ‘Writing R Extensions’
    manual.
Flavor: r-release-osx-x86_64

Version: 2.2
Check: package dependencies
Result: ERROR
    Package required and available but unsuitable version: ‘GOSemSim’
    
    See section ‘The DESCRIPTION file’ in the ‘Writing R Extensions’
    manual.
Flavor: r-oldrel-osx-x86_64