CRAN Package Check Results for Package BiSEp

Last updated on 2018-09-22 22:49:27 CEST.

Flavor Version Tinstall Tcheck Ttotal Status Flags
r-devel-linux-x86_64-debian-clang 2.2 10.34 197.41 207.75 OK
r-devel-linux-x86_64-debian-gcc 2.2 7.72 154.73 162.45 OK
r-devel-linux-x86_64-fedora-clang 2.2 246.84 OK
r-devel-linux-x86_64-fedora-gcc 2.2 243.13 OK
r-devel-windows-ix86+x86_64 2.2 20.00 205.00 225.00 OK
r-patched-linux-x86_64 2.2 7.65 173.03 180.68 NOTE
r-patched-solaris-x86 2.2 398.60 OK
r-release-linux-x86_64 2.2 8.05 171.52 179.57 NOTE
r-release-windows-ix86+x86_64 2.2 13.00 225.00 238.00 OK
r-release-osx-x86_64 2.2 OK
r-oldrel-windows-ix86+x86_64 2.2 13.00 219.00 232.00 OK
r-oldrel-osx-x86_64 2.2 ERROR

Check Details

Version: 2.2
Check: DESCRIPTION meta-information
Result: NOTE
    Dependence on R version ‘3.3.1’ not with patchlevel 0
Flavors: r-patched-linux-x86_64, r-release-linux-x86_64

Version: 2.2
Check: package dependencies
Result: NOTE
    Packages suggested but not available for checking: ‘GO.db’ ‘org.Hs.eg.db’
Flavor: r-oldrel-osx-x86_64

Version: 2.2
Check: whether package can be installed
Result: ERROR
    Installation failed.
Flavor: r-oldrel-osx-x86_64