CRAN Package Check Results for Package BiSEp

Last updated on 2017-12-13 00:46:36 CET.

Flavor Version Tinstall Tcheck Ttotal Status Flags
r-devel-linux-x86_64-debian-clang 2.2 6.03 175.06 181.09 OK
r-devel-linux-x86_64-debian-gcc 2.2 4.84 127.50 132.34 OK
r-devel-linux-x86_64-fedora-clang 2.2 208.00 OK
r-devel-linux-x86_64-fedora-gcc 2.2 198.27 OK
r-devel-windows-ix86+x86_64 2.2 22.00 175.00 197.00 OK
r-patched-linux-x86_64 2.2 6.86 175.58 182.44 OK
r-patched-solaris-x86 2.2 340.50 OK
r-release-linux-x86_64 2.2 8.81 175.25 184.06 OK
r-release-windows-ix86+x86_64 2.2 11.00 229.00 240.00 OK
r-release-osx-x86_64 2.2 ERROR
r-oldrel-windows-ix86+x86_64 2.2 17.00 224.00 241.00 OK
r-oldrel-osx-x86_64 2.2 ERROR

Check Details

Version: 2.2
Check: package dependencies
Result: ERROR
    Package required but not available: ‘GOSemSim’
    
    Packages suggested but not available for checking: ‘GO.db’ ‘org.Hs.eg.db’
    
    See section ‘The DESCRIPTION file’ in the ‘Writing R Extensions’
    manual.
Flavor: r-release-osx-x86_64

Version: 2.2
Check: package dependencies
Result: ERROR
    Package required and available but unsuitable version: ‘GOSemSim’
    
    See section ‘The DESCRIPTION file’ in the ‘Writing R Extensions’
    manual.
Flavor: r-oldrel-osx-x86_64