CRAN Package Check Results for Package BiSEp

Last updated on 2018-02-25 19:48:50 CET.

Flavor Version Tinstall Tcheck Ttotal Status Flags
r-devel-linux-x86_64-debian-clang 2.2 8.43 192.51 200.94 NOTE
r-devel-linux-x86_64-debian-gcc 2.2 6.44 136.42 142.86 NOTE
r-devel-windows-ix86+x86_64 2.2 23.00 228.00 251.00 OK
r-patched-linux-x86_64 2.2 7.62 176.64 184.26 OK
r-patched-solaris-x86 2.2 348.50 OK
r-release-linux-x86_64 2.2 6.35 178.23 184.58 OK
r-release-windows-ix86+x86_64 2.2 12.00 236.00 248.00 OK
r-release-osx-x86_64 2.2 ERROR
r-oldrel-windows-ix86+x86_64 2.2 12.00 185.00 197.00 OK
r-oldrel-osx-x86_64 2.2 ERROR

Check Details

Version: 2.2
Check: DESCRIPTION meta-information
Result: NOTE
    Dependence on R version ‘3.3.1’ not with patchlevel 0
Flavors: r-devel-linux-x86_64-debian-clang, r-devel-linux-x86_64-debian-gcc

Version: 2.2
Check: package dependencies
Result: ERROR
    Package required but not available: ‘GOSemSim’
    
    Packages suggested but not available for checking: ‘GO.db’ ‘org.Hs.eg.db’
    
    See section ‘The DESCRIPTION file’ in the ‘Writing R Extensions’
    manual.
Flavor: r-release-osx-x86_64

Version: 2.2
Check: package dependencies
Result: ERROR
    Package required and available but unsuitable version: ‘GOSemSim’
    
    See section ‘The DESCRIPTION file’ in the ‘Writing R Extensions’
    manual.
Flavor: r-oldrel-osx-x86_64