CRAN Package Check Results for Package BigVAR

Last updated on 2020-07-16 15:49:33 CEST.

Flavor Version Tinstall Tcheck Ttotal Status Flags
r-devel-linux-x86_64-debian-clang 1.0.6 116.75 54.89 171.64 OK
r-devel-linux-x86_64-debian-gcc 1.0.6 82.51 43.60 126.11 OK
r-devel-linux-x86_64-fedora-clang 1.0.6 228.08 NOTE
r-devel-linux-x86_64-fedora-gcc 1.0.6 213.46 OK
r-devel-windows-ix86+x86_64 1.0.6 216.00 125.00 341.00 OK
r-patched-linux-x86_64 1.0.6 88.66 56.06 144.72 OK
r-patched-solaris-x86 1.0.6 183.20 OK
r-release-linux-x86_64 1.0.6 97.32 55.99 153.31 OK
r-release-windows-ix86+x86_64 1.0.6 209.00 92.00 301.00 OK
r-oldrel-macos-x86_64 1.0.6 NOTE
r-oldrel-windows-ix86+x86_64 1.0.6 185.00 111.00 296.00 OK

Check Details

Version: 1.0.6
Check: installed package size
Result: NOTE
     installed size is 18.6Mb
     sub-directories of 1Mb or more:
     libs 18.0Mb
Flavors: r-devel-linux-x86_64-fedora-clang, r-oldrel-macos-x86_64