Last updated on 2023-03-30 22:54:53 CEST.
Flavor | Version | Tinstall | Tcheck | Ttotal | Status | Flags |
---|---|---|---|---|---|---|
r-devel-linux-x86_64-debian-clang | 1.1.2 | 102.39 | 336.32 | 438.71 | NOTE | |
r-devel-linux-x86_64-debian-gcc | 1.1.2 | 85.51 | 241.09 | 326.60 | NOTE | |
r-devel-linux-x86_64-fedora-clang | 1.1.2 | 553.68 | NOTE | |||
r-devel-linux-x86_64-fedora-gcc | 1.1.2 | 558.13 | NOTE | |||
r-devel-windows-x86_64 | 1.1.2 | 107.00 | 379.00 | 486.00 | NOTE | |
r-patched-linux-x86_64 | 1.1.2 | 86.09 | 322.54 | 408.63 | NOTE | |
r-release-linux-x86_64 | 1.1.2 | 79.99 | 328.43 | 408.42 | OK | |
r-release-macos-arm64 | 1.1.2 | 170.00 | NOTE | |||
r-release-macos-x86_64 | 1.1.2 | 176.00 | NOTE | |||
r-release-windows-x86_64 | 1.1.2 | 216.00 | 391.00 | 607.00 | OK | |
r-oldrel-macos-arm64 | 1.1.2 | 168.00 | NOTE | |||
r-oldrel-macos-x86_64 | 1.1.2 | 177.00 | NOTE | |||
r-oldrel-windows-ix86+x86_64 | 1.1.2 | 213.00 | 395.00 | 608.00 | OK |
Version: 1.1.2
Check: C++ specification
Result: NOTE
Specified C++11: please drop specification unless essential
Flavors: r-devel-linux-x86_64-debian-clang, r-devel-linux-x86_64-debian-gcc, r-devel-linux-x86_64-fedora-clang, r-devel-linux-x86_64-fedora-gcc, r-devel-windows-x86_64, r-patched-linux-x86_64
Version: 1.1.2
Check: installed package size
Result: NOTE
installed size is 19.7Mb
sub-directories of 1Mb or more:
doc 1.1Mb
libs 18.1Mb
Flavors: r-release-macos-arm64, r-release-macos-x86_64, r-oldrel-macos-arm64, r-oldrel-macos-x86_64
Version: 1.1.2
Check: package dependencies
Result: NOTE
Package suggested but not available for checking: ‘expm’
Flavor: r-oldrel-macos-arm64