CRAN Package Check Results for Package BigVAR

Last updated on 2020-10-25 17:50:24 CET.

Flavor Version Tinstall Tcheck Ttotal Status Flags
r-devel-linux-x86_64-debian-clang 1.0.6 112.28 58.88 171.16 OK
r-devel-linux-x86_64-debian-gcc 1.0.6 77.67 45.57 123.24 OK
r-devel-linux-x86_64-fedora-clang 1.0.6 223.09 NOTE
r-devel-linux-x86_64-fedora-gcc 1.0.6 226.06 OK
r-devel-windows-ix86+x86_64 1.0.6 208.00 118.00 326.00 OK
r-patched-linux-x86_64 1.0.6 106.09 55.65 161.74 OK
r-patched-solaris-x86 1.0.6 179.80 OK
r-release-linux-x86_64 1.0.6 102.16 55.75 157.91 OK
r-release-macos-x86_64 1.0.6 NOTE
r-release-windows-ix86+x86_64 1.0.6 156.00 90.00 246.00 OK
r-oldrel-macos-x86_64 1.0.6 NOTE
r-oldrel-windows-ix86+x86_64 1.0.6 182.00 76.00 258.00 OK

Check Details

Version: 1.0.6
Check: installed package size
Result: NOTE
     installed size is 18.0Mb
     sub-directories of 1Mb or more:
     libs 17.4Mb
Flavors: r-devel-linux-x86_64-fedora-clang, r-release-macos-x86_64, r-oldrel-macos-x86_64