Last updated on 2021-04-20 11:48:36 CEST.
Flavor | Version | Tinstall | Tcheck | Ttotal | Status | Flags |
---|---|---|---|---|---|---|
r-devel-linux-x86_64-debian-clang | 1.0.6 | 103.80 | 58.78 | 162.58 | OK | |
r-devel-linux-x86_64-debian-gcc | 1.0.6 | 71.44 | 45.97 | 117.41 | OK | |
r-devel-linux-x86_64-fedora-clang | 1.0.6 | 225.19 | NOTE | |||
r-devel-linux-x86_64-fedora-gcc | 1.0.6 | 207.64 | OK | |||
r-devel-windows-ix86+x86_64 | 1.0.6 | 212.00 | 88.00 | 300.00 | OK | |
r-devel-windows-x86_64-gcc10-UCRT | 1.0.6 | OK | ||||
r-patched-linux-x86_64 | 1.0.6 | 92.70 | 55.62 | 148.32 | OK | |
r-patched-solaris-x86 | 1.0.6 | 199.50 | OK | |||
r-release-linux-x86_64 | 1.0.6 | 90.58 | 56.45 | 147.03 | OK | |
r-release-macos-x86_64 | 1.0.6 | NOTE | ||||
r-release-windows-ix86+x86_64 | 1.0.6 | 206.00 | 115.00 | 321.00 | OK | |
r-oldrel-macos-x86_64 | 1.0.6 | NOTE | ||||
r-oldrel-windows-ix86+x86_64 | 1.0.6 | 127.00 | 82.00 | 209.00 | OK |
Version: 1.0.6
Check: installed package size
Result: NOTE
installed size is 16.6Mb
sub-directories of 1Mb or more:
libs 16.0Mb
Flavors: r-devel-linux-x86_64-fedora-clang, r-release-macos-x86_64, r-oldrel-macos-x86_64