CRAN Package Check Results for Package BinGSD

Last updated on 2021-04-16 21:50:14 CEST.

Flavor Version Tinstall Tcheck Ttotal Status Flags
r-devel-linux-x86_64-debian-clang 0.0.1 2.76 25.96 28.72 NOTE
r-devel-linux-x86_64-debian-gcc 0.0.1 2.33 20.56 22.89 NOTE
r-devel-linux-x86_64-fedora-clang 0.0.1 44.42 NOTE
r-devel-linux-x86_64-fedora-gcc 0.0.1 35.97 NOTE
r-devel-windows-ix86+x86_64 0.0.1 6.00 46.00 52.00 NOTE
r-devel-windows-x86_64-gcc10-UCRT 0.0.1 NOTE
r-patched-linux-x86_64 0.0.1 2.91 24.68 27.59 OK
r-patched-solaris-x86 0.0.1 50.80 OK
r-release-linux-x86_64 0.0.1 2.83 24.76 27.59 OK
r-release-macos-x86_64 0.0.1 OK
r-release-windows-ix86+x86_64 0.0.1 4.00 41.00 45.00 OK
r-oldrel-macos-x86_64 0.0.1 OK
r-oldrel-windows-ix86+x86_64 0.0.1 7.00 33.00 40.00 OK

Check Details

Version: 0.0.1
Check: LazyData
Result: NOTE
     'LazyData' is specified without a 'data' directory
Flavors: r-devel-linux-x86_64-debian-clang, r-devel-linux-x86_64-debian-gcc, r-devel-linux-x86_64-fedora-clang, r-devel-linux-x86_64-fedora-gcc, r-devel-windows-ix86+x86_64, r-devel-windows-x86_64-gcc10-UCRT