CRAN Package Check Results for Package BinGSD

Last updated on 2024-04-25 00:02:03 CEST.

Flavor Version Tinstall Tcheck Ttotal Status Flags
r-devel-linux-x86_64-debian-clang 0.0.1 3.18 29.57 32.75 NOTE
r-devel-linux-x86_64-debian-gcc 0.0.1 2.21 21.99 24.20 NOTE
r-devel-linux-x86_64-fedora-clang 0.0.1 40.99 NOTE
r-devel-linux-x86_64-fedora-gcc 0.0.1 38.38 NOTE
r-devel-windows-x86_64 0.0.1 3.00 44.00 47.00 NOTE
r-patched-linux-x86_64 0.0.1 3.23 27.55 30.78 NOTE
r-release-linux-x86_64 0.0.1 2.96 26.29 29.25 NOTE
r-release-macos-arm64 0.0.1 17.00 NOTE
r-release-windows-x86_64 0.0.1 3.00 44.00 47.00 NOTE
r-oldrel-macos-arm64 0.0.1 18.00 NOTE
r-oldrel-macos-x86_64 0.0.1 22.00 NOTE
r-oldrel-windows-x86_64 0.0.1 3.00 43.00 46.00 NOTE

Check Details

Version: 0.0.1
Check: LazyData
Result: NOTE 'LazyData' is specified without a 'data' directory Flavors: r-devel-linux-x86_64-debian-clang, r-devel-linux-x86_64-debian-gcc, r-devel-linux-x86_64-fedora-clang, r-devel-linux-x86_64-fedora-gcc, r-devel-windows-x86_64, r-patched-linux-x86_64, r-release-linux-x86_64, r-release-macos-arm64, r-release-windows-x86_64, r-oldrel-macos-arm64, r-oldrel-macos-x86_64, r-oldrel-windows-x86_64