Last updated on 2025-04-30 21:52:38 CEST.
Flavor | Version | Tinstall | Tcheck | Ttotal | Status | Flags |
---|---|---|---|---|---|---|
r-devel-linux-x86_64-debian-clang | 1.0-1 | 17.80 | 50.50 | 68.30 | NOTE | |
r-devel-linux-x86_64-debian-gcc | 1.0-1 | 11.28 | 38.77 | 50.05 | OK | |
r-devel-linux-x86_64-fedora-clang | 1.0-1 | 122.96 | OK | |||
r-devel-linux-x86_64-fedora-gcc | 1.0-1 | 135.00 | OK | |||
r-devel-windows-x86_64 | 1.0-1 | 20.00 | 96.00 | 116.00 | OK | |
r-patched-linux-x86_64 | 1.0-1 | 16.19 | 47.27 | 63.46 | OK | |
r-release-linux-x86_64 | 1.0-1 | 16.46 | 48.09 | 64.55 | OK | |
r-release-macos-arm64 | 1.0-1 | 39.00 | OK | |||
r-release-macos-x86_64 | 1.0-1 | 127.00 | OK | |||
r-release-windows-x86_64 | 1.0-1 | 21.00 | 94.00 | 115.00 | OK | |
r-oldrel-macos-arm64 | 1.0-1 | 40.00 | OK | |||
r-oldrel-macos-x86_64 | 1.0-1 | 104.00 | OK | |||
r-oldrel-windows-x86_64 | 1.0-1 | 19.00 | 107.00 | 126.00 | OK |
Version: 1.0-1
Check: examples
Result: NOTE
Examples with CPU (user + system) or elapsed time > 5s
user system elapsed
BinSegBstrap 8.424 0.007 11.381
BinSegBstrap-package 4.929 0.000 6.197
Flavor: r-devel-linux-x86_64-debian-clang
Version: 1.0-1
Check: examples
Result: NA
user system elapsed
BinSegBstrap 5.704 0.003 7.218
OK
Flavor: r-devel-linux-x86_64-debian-gcc