Last updated on 2023-12-07 23:57:47 CET.
Flavor | Version | Tinstall | Tcheck | Ttotal | Status | Flags |
---|---|---|---|---|---|---|
r-devel-linux-x86_64-debian-clang | 1.0.0 | 47.49 | 124.57 | 172.06 | NOTE | |
r-devel-linux-x86_64-debian-gcc | 1.0.0 | 35.47 | 91.64 | 127.11 | NOTE | |
r-devel-linux-x86_64-fedora-clang | 1.0.0 | 229.31 | NOTE | |||
r-devel-linux-x86_64-fedora-gcc | 1.0.0 | 226.60 | NOTE | |||
r-devel-windows-x86_64 | 1.0.0 | 39.00 | 131.00 | 170.00 | NOTE | |
r-patched-linux-x86_64 | 1.0.0 | 40.59 | 119.77 | 160.36 | NOTE | |
r-release-linux-x86_64 | 1.0.0 | 40.50 | 116.57 | 157.07 | NOTE | |
r-release-macos-arm64 | 1.0.0 | 89.00 | NOTE | |||
r-release-macos-x86_64 | 1.0.0 | 128.00 | NOTE | |||
r-release-windows-x86_64 | 1.0.0 | 51.00 | 153.00 | 204.00 | NOTE | |
r-oldrel-macos-arm64 | 1.0.0 | 54.00 | NOTE | |||
r-oldrel-macos-x86_64 | 1.0.0 | 98.00 | NOTE | |||
r-oldrel-windows-x86_64 | 1.0.0 | 47.00 | 148.00 | 195.00 | NOTE |
Version: 1.0.0
Check: C++ specification
Result: NOTE
Specified C++11: please drop specification unless essential
Flavors: r-devel-linux-x86_64-debian-clang, r-devel-linux-x86_64-debian-gcc, r-devel-linux-x86_64-fedora-clang, r-devel-linux-x86_64-fedora-gcc, r-devel-windows-x86_64, r-patched-linux-x86_64, r-release-linux-x86_64, r-release-macos-arm64, r-release-macos-x86_64, r-release-windows-x86_64
Version: 1.0.0
Check: LazyData
Result: NOTE
'LazyData' is specified without a 'data' directory
Flavors: r-devel-linux-x86_64-debian-clang, r-devel-linux-x86_64-debian-gcc, r-devel-linux-x86_64-fedora-clang, r-devel-linux-x86_64-fedora-gcc, r-devel-windows-x86_64, r-patched-linux-x86_64, r-release-linux-x86_64, r-release-macos-arm64, r-release-macos-x86_64, r-release-windows-x86_64, r-oldrel-macos-arm64, r-oldrel-macos-x86_64, r-oldrel-windows-x86_64