CRAN Package Check Results for Package BinaryEMVS

Last updated on 2025-01-24 15:50:40 CET.

Flavor Version Tinstall Tcheck Ttotal Status Flags
r-devel-linux-x86_64-debian-clang 0.1 1.75 34.31 36.06 OK
r-devel-linux-x86_64-debian-gcc 0.1 1.58 22.76 24.34 OK
r-devel-linux-x86_64-fedora-clang 0.1 62.15 OK
r-devel-linux-x86_64-fedora-gcc 0.1 57.45 OK
r-devel-windows-x86_64 0.1 4.00 56.00 60.00 OK
r-patched-linux-x86_64 0.1 1.58 32.35 33.93 NOTE
r-release-linux-x86_64 0.1 1.58 32.51 34.09 NOTE
r-release-macos-arm64 0.1 21.00 NOTE
r-release-macos-x86_64 0.1 31.00 NOTE
r-release-windows-x86_64 0.1 3.00 56.00 59.00 NOTE
r-oldrel-macos-arm64 0.1 22.00 NOTE
r-oldrel-macos-x86_64 0.1 34.00 NOTE
r-oldrel-windows-x86_64 0.1 3.00 62.00 65.00 NOTE

Check Details

Version: 0.1
Check: LazyData
Result: NOTE 'LazyData' is specified without a 'data' directory Flavors: r-patched-linux-x86_64, r-release-linux-x86_64, r-release-macos-arm64, r-release-macos-x86_64, r-release-windows-x86_64, r-oldrel-macos-arm64, r-oldrel-macos-x86_64, r-oldrel-windows-x86_64