CRAN Package Check Results for Package BioInsight

Last updated on 2021-06-14 13:53:10 CEST.

Flavor Version Tinstall Tcheck Ttotal Status Flags
r-devel-linux-x86_64-debian-clang 0.2.0 4.46 40.94 45.40 NOTE
r-devel-linux-x86_64-debian-gcc 0.2.0 3.72 31.52 35.24 NOTE
r-devel-linux-x86_64-fedora-clang 0.2.0 62.69 NOTE
r-devel-linux-x86_64-fedora-gcc 0.2.0 51.89 NOTE
r-devel-windows-x86_64 0.2.0 8.00 59.00 67.00 NOTE
r-devel-windows-x86_64-gcc10-UCRT 0.2.0 NOTE
r-patched-linux-x86_64 0.2.0 4.83 39.57 44.40 NOTE
r-patched-solaris-x86 0.2.0 79.60 NOTE
r-release-linux-x86_64 0.2.0 3.45 39.51 42.96 NOTE
r-release-macos-arm64 0.2.0 ERROR
r-release-macos-x86_64 0.2.0 NOTE
r-release-windows-ix86+x86_64 0.2.0 12.00 61.00 73.00 NOTE
r-oldrel-macos-x86_64 0.2.0 OK
r-oldrel-windows-ix86+x86_64 0.2.0 8.00 70.00 78.00 OK

Check Details

Version: 0.2.0
Check: LazyData
Result: NOTE
     'LazyData' is specified without a 'data' directory
Flavors: r-devel-linux-x86_64-debian-clang, r-devel-linux-x86_64-debian-gcc, r-devel-linux-x86_64-fedora-clang, r-devel-linux-x86_64-fedora-gcc, r-devel-windows-x86_64, r-devel-windows-x86_64-gcc10-UCRT, r-patched-linux-x86_64, r-patched-solaris-x86, r-release-linux-x86_64, r-release-macos-x86_64, r-release-windows-ix86+x86_64

Version: 0.2.0
Check: package dependencies
Result: ERROR
    Package required but not available: ‘edgeR’
    
    Package suggested but not available for checking: ‘biomaRt’
    
    See section ‘The DESCRIPTION file’ in the ‘Writing R Extensions’
    manual.
Flavor: r-release-macos-arm64