CRAN Package Check Results for Package BioInstaller

Last updated on 2020-10-22 19:48:58 CEST.

Flavor Version Tinstall Tcheck Ttotal Status Flags
r-devel-linux-x86_64-debian-clang 0.3.7 13.35 139.68 153.03 NOTE
r-devel-linux-x86_64-debian-gcc 0.3.7 11.74 105.71 117.45 NOTE
r-devel-linux-x86_64-fedora-clang 0.3.7 184.63 NOTE
r-devel-linux-x86_64-fedora-gcc 0.3.7 178.82 NOTE
r-devel-windows-ix86+x86_64 0.3.7 30.00 197.00 227.00 NOTE
r-patched-linux-x86_64 0.3.7 13.73 132.74 146.47 NOTE
r-patched-solaris-x86 0.3.7 230.20 ERROR
r-release-linux-x86_64 0.3.7 14.08 132.03 146.11 NOTE
r-release-macos-x86_64 0.3.7 NOTE
r-release-windows-ix86+x86_64 0.3.7 25.00 194.00 219.00 NOTE
r-oldrel-macos-x86_64 0.3.7 NOTE
r-oldrel-windows-ix86+x86_64 0.3.7 27.00 173.00 200.00 NOTE

Check Details

Version: 0.3.7
Check: for non-standard things in the check directory
Result: NOTE
    Found the following files/directories:
     'GRCh37_MT_ensGene.txt'
Flavors: r-devel-linux-x86_64-debian-clang, r-devel-linux-x86_64-debian-gcc, r-devel-linux-x86_64-fedora-clang, r-devel-linux-x86_64-fedora-gcc, r-patched-linux-x86_64, r-patched-solaris-x86, r-release-linux-x86_64

Version: 0.3.7
Check: installed package size
Result: NOTE
     installed size is 11.7Mb
     sub-directories of 1Mb or more:
     doc 2.5Mb
     extdata 8.7Mb
Flavors: r-devel-linux-x86_64-fedora-clang, r-devel-windows-ix86+x86_64, r-patched-solaris-x86, r-release-macos-x86_64, r-release-windows-ix86+x86_64, r-oldrel-macos-x86_64, r-oldrel-windows-ix86+x86_64

Version: 0.3.7
Check: tests
Result: ERROR
     Running ‘testthat.R’ [13s/114s]
    Running the tests in ‘tests/testthat.R’ failed.
    Complete output:
     > library(testthat)
     > library(BioInstaller)
     >
     >
     > test_check("BioInstaller")
     cloning into '/tmp/Rtmphgayjw/working_dir/RtmpvRaWX4/github_demo0'...
     ── 1. Error: install.github (@test_install.R#12) ──────────────────────────────
     the SSL certificate is invalid
     Backtrace:
     1. BioInstaller::install.github(...)
     2. BioInstaller:::git.download(...)
     3. git2r::clone(github_url, destdir)
    
     trying URL 'https://raw.githubusercontent.com/Miachol/ftp/master/files/GRCh37_MT_ensGene.txt'
     Content type 'text/plain; charset=utf-8' length 3131 bytes
     ==================================================
     downloaded 3131 bytes
    
     trying URL 'https://raw.githubusercontent.com/Miachol/ftp/master/files/GRCh37_MT_ensGene.txt'
     Content type 'text/plain; charset=utf-8' length 3131 bytes
     ==================================================
     downloaded 3131 bytes
    
     trying URL 'https://raw.githubusercontent.com/Miachol/ftp/master/files/GRCh37_MT_ensGene.txt'
     Content type 'text/plain; charset=utf-8' length 3131 bytes
     ==================================================
     downloaded 3131 bytes
    
     cloning into '/tmp/Rtmphgayjw/working_dir/RtmpvRaWX4/github_demo3'...
     cloning into '/tmp/Rtmphgayjw/working_dir/RtmpvRaWX4/github_demo'...
     cloning into '/tmp/Rtmphgayjw/working_dir/RtmpvRaWX4/denpendence1'...
     /tmp/Rtmphgayjw/working_dir/RtmpvRaWX4/destdir.initial not empty, overwrite?[y]
     Please input y/n/Y/N!
     /tmp/Rtmphgayjw/working_dir/RtmpvRaWX4/destdir.initial not empty, overwrite?[y]
     Please input y/n/Y/N!
     /tmp/Rtmphgayjw/working_dir/RtmpvRaWX4/destdir.initial not empty, overwrite?[y]
     More than 3 counts input, default is not to overwrite.
     /tmp/Rtmphgayjw/working_dir/RtmpvRaWX4/destdir.initial existed, overwrite?[y]
     Please input y/n/Y/N!
     /tmp/Rtmphgayjw/working_dir/RtmpvRaWX4/destdir.initial existed, overwrite?[y]
     Please input y/n/Y/N!
     /tmp/Rtmphgayjw/working_dir/RtmpvRaWX4/destdir.initial existed, overwrite?[y]
     More than 3 counts input, default is not to overwrite.
     ══ testthat results ═══════════════════════════════════════════════════════════
     [ OK: 62 | SKIPPED: 0 | WARNINGS: 0 | FAILED: 1 ]
     1. Error: install.github (@test_install.R#12)
    
     Error: testthat unit tests failed
     Execution halted
Flavor: r-patched-solaris-x86