CRAN Package Check Results for Package BioVenn

Last updated on 2020-11-25 12:52:25 CET.

Flavor Version Tinstall Tcheck Ttotal Status Flags
r-devel-linux-x86_64-debian-clang 1.1.0 18.04 155.16 173.20 OK
r-devel-linux-x86_64-debian-gcc 1.1.0 16.72 117.95 134.67 OK
r-devel-linux-x86_64-fedora-clang 1.1.0 231.11 OK
r-devel-linux-x86_64-fedora-gcc 1.1.0 206.77 OK
r-devel-windows-ix86+x86_64 1.1.0 3.00 8.00 11.00 ERROR
r-patched-linux-x86_64 1.1.0 19.68 147.14 166.82 OK
r-patched-solaris-x86 1.1.0 253.60 OK
r-release-linux-x86_64 1.1.0 19.57 145.55 165.12 OK
r-release-macos-x86_64 1.1.0 OK
r-release-windows-ix86+x86_64 1.1.0 42.00 176.00 218.00 OK
r-oldrel-macos-x86_64 1.1.0 OK
r-oldrel-windows-ix86+x86_64 1.1.0 31.00 130.00 161.00 OK

Check Details

Version: 1.1.0
Check: whether package can be installed
Result: ERROR
    Installation failed.
Flavor: r-devel-windows-ix86+x86_64