Last updated on 2023-04-02 04:51:13 CEST.
Flavor | Version | Tinstall | Tcheck | Ttotal | Status | Flags |
---|---|---|---|---|---|---|
r-devel-linux-x86_64-debian-clang | 1.1.3 | 30.12 | 226.75 | 256.87 | OK | |
r-devel-linux-x86_64-debian-gcc | 1.1.3 | 20.15 | 167.58 | 187.73 | OK | |
r-devel-linux-x86_64-fedora-clang | 1.1.3 | 309.44 | OK | |||
r-devel-linux-x86_64-fedora-gcc | 1.1.3 | 322.94 | OK | |||
r-devel-windows-x86_64 | 1.1.3 | 37.00 | 238.00 | 275.00 | OK | |
r-patched-linux-x86_64 | 1.1.3 | 18.51 | 209.18 | 227.69 | OK | |
r-release-linux-x86_64 | 1.1.3 | 17.63 | 209.60 | 227.23 | OK | |
r-release-macos-arm64 | 1.1.3 | 76.00 | OK | |||
r-release-macos-x86_64 | 1.1.3 | 107.00 | OK | |||
r-release-windows-x86_64 | 1.1.3 | 31.00 | 239.00 | 270.00 | OK | |
r-oldrel-macos-arm64 | 1.1.3 | 90.00 | OK | |||
r-oldrel-macos-x86_64 | 1.1.3 | 107.00 | OK | |||
r-oldrel-windows-ix86+x86_64 | 1.1.3 | 54.00 | 216.00 | 270.00 | NOTE |
Version: 1.1.3
Check: R code for possible problems
Result: NOTE
Initiating curl with CURL_SSL_BACKEND: openssl
Flavor: r-oldrel-windows-ix86+x86_64