CRAN Package Check Results for Package BioVenn

Last updated on 2021-08-04 14:52:00 CEST.

Flavor Version Tinstall Tcheck Ttotal Status Flags
r-devel-linux-x86_64-debian-clang 1.1.3 22.73 198.13 220.86 OK
r-devel-linux-x86_64-debian-gcc 1.1.3 17.35 147.75 165.10 OK
r-devel-linux-x86_64-fedora-clang 1.1.3 267.85 OK
r-devel-linux-x86_64-fedora-gcc 1.1.3 260.72 OK
r-devel-windows-x86_64 1.1.3 2.00 7.00 9.00 ERROR
r-devel-windows-x86_64-gcc10-UCRT 1.1.3 OK
r-patched-linux-x86_64 1.1.3 22.34 185.26 207.60 OK
r-patched-solaris-x86 1.1.3 368.60 OK
r-release-linux-x86_64 1.1.3 20.56 183.40 203.96 OK
r-release-macos-arm64 1.1.3 ERROR
r-release-macos-x86_64 1.1.3 OK
r-release-windows-ix86+x86_64 1.1.3 53.00 210.00 263.00 OK
r-oldrel-macos-x86_64 1.1.3 OK
r-oldrel-windows-ix86+x86_64 1.1.3 46.00 224.00 270.00 OK

Check Details

Version: 1.1.3
Check: whether package can be installed
Result: ERROR
    Installation failed.
Flavor: r-devel-windows-x86_64

Version: 1.1.3
Check: package dependencies
Result: ERROR
    Package required but not available: ‘biomaRt’
    
    See section ‘The DESCRIPTION file’ in the ‘Writing R Extensions’
    manual.
Flavor: r-release-macos-arm64