CRAN Package Check Results for Package BiodiversityR

Last updated on 2021-10-21 18:50:26 CEST.

Flavor Version Tinstall Tcheck Ttotal Status Flags
r-devel-linux-x86_64-debian-clang 2.13-1 59.95 289.86 349.81 OK
r-devel-linux-x86_64-debian-gcc 2.13-1 45.19 213.94 259.13 OK
r-devel-linux-x86_64-fedora-clang 2.13-1 486.51 NOTE
r-devel-linux-x86_64-fedora-gcc 2.13-1 461.36 OK
r-devel-windows-x86_64 2.13-1 72.00 297.00 369.00 OK
r-devel-windows-x86_64-gcc10-UCRT 2.13-1 NOTE
r-patched-linux-x86_64 2.13-1 62.30 278.37 340.67 OK
r-patched-solaris-x86 2.13-1 603.00 OK
r-release-linux-x86_64 2.13-1 58.93 280.07 339.00 OK
r-release-macos-arm64 2.13-1 NOTE
r-release-macos-x86_64 2.13-1 OK
r-release-windows-ix86+x86_64 2.13-1 84.00 285.00 369.00 OK
r-oldrel-macos-x86_64 2.13-1 OK
r-oldrel-windows-ix86+x86_64 2.13-1 96.00 291.00 387.00 OK

Check Details

Version: 2.13-1
Check: Rd cross-references
Result: NOTE
    Undeclared packages ‘ggplot2’, ‘pvclust’ in Rd xrefs
Flavor: r-devel-linux-x86_64-fedora-clang

Version: 2.13-1
Check: package dependencies
Result: NOTE
    Packages suggested but not available for checking: 'red', 'igraph'
Flavor: r-devel-windows-x86_64-gcc10-UCRT

Version: 2.13-1
Check: Rd cross-references
Result: NOTE
    Package unavailable to check Rd xrefs: 'red'
Flavor: r-devel-windows-x86_64-gcc10-UCRT

Version: 2.13-1
Check: package dependencies
Result: NOTE
    Package suggested but not available for checking: ‘RODBC’
Flavor: r-release-macos-arm64