CRAN Package Check Results for Package BiodiversityR

Last updated on 2019-06-20 09:47:34 CEST.

Flavor Version Tinstall Tcheck Ttotal Status Flags
r-devel-linux-x86_64-debian-clang 2.11-1 53.39 218.68 272.07 NOTE
r-devel-linux-x86_64-debian-gcc 2.11-1 41.92 166.59 208.51 NOTE
r-devel-linux-x86_64-fedora-clang 2.11-1 316.20 NOTE
r-devel-linux-x86_64-fedora-gcc 2.11-1 308.39 NOTE
r-devel-windows-ix86+x86_64 2.11-1 86.00 302.00 388.00 NOTE
r-patched-linux-x86_64 2.11-1 51.80 217.03 268.83 NOTE
r-patched-solaris-x86 2.11-1 512.60 NOTE
r-release-linux-x86_64 2.11-1 51.87 216.38 268.25 NOTE
r-release-windows-ix86+x86_64 2.11-1 101.00 274.00 375.00 NOTE
r-release-osx-x86_64 2.11-1 NOTE
r-oldrel-windows-ix86+x86_64 2.11-1 54.00 186.00 240.00 NOTE
r-oldrel-osx-x86_64 2.11-1 OK

Check Details

Version: 2.11-1
Check: R code for possible problems
Result: NOTE
    ensemble.plot: no visible global function definition for 'data'
    ensemble.plot: no visible binding for global variable 'wrld_simpl'
    Undefined global functions or variables:
     data wrld_simpl
    Consider adding
     importFrom("utils", "data")
    to your NAMESPACE file.
Flavors: r-devel-linux-x86_64-debian-clang, r-devel-linux-x86_64-debian-gcc, r-devel-linux-x86_64-fedora-clang, r-devel-linux-x86_64-fedora-gcc, r-devel-windows-ix86+x86_64, r-patched-linux-x86_64, r-patched-solaris-x86, r-release-linux-x86_64, r-release-windows-ix86+x86_64, r-release-osx-x86_64, r-oldrel-windows-ix86+x86_64