CRAN Package Check Results for Package Biostatistics

Last updated on 2024-07-19 15:57:13 CEST.

Flavor Version Tinstall Tcheck Ttotal Status Flags
r-devel-linux-x86_64-debian-clang 1.0.4 2.17 23.14 25.31 NOTE
r-devel-linux-x86_64-debian-gcc 1.0.4 1.85 17.72 19.57 NOTE
r-devel-linux-x86_64-fedora-clang 1.0.4 33.58 NOTE
r-devel-linux-x86_64-fedora-gcc 1.0.4 44.57 NOTE
r-devel-windows-x86_64 1.0.4 4.00 43.00 47.00 NOTE
r-patched-linux-x86_64 1.0.4 2.72 21.91 24.63 NOTE
r-release-linux-x86_64 1.0.4 2.51 21.76 24.27 NOTE
r-release-macos-arm64 1.0.4 20.00 NOTE
r-release-macos-x86_64 1.0.4 30.00 NOTE
r-release-windows-x86_64 1.0.4 4.00 43.00 47.00 NOTE
r-oldrel-macos-arm64 1.0.4 23.00 NOTE
r-oldrel-macos-x86_64 1.0.4 32.00 NOTE
r-oldrel-windows-x86_64 1.0.4 4.00 42.00 46.00 NOTE

Check Details

Version: 1.0.4
Check: package subdirectories
Result: NOTE Problems with news in ‘NEWS.md’: No news entries found. Flavors: r-devel-linux-x86_64-debian-clang, r-devel-linux-x86_64-debian-gcc, r-devel-linux-x86_64-fedora-clang, r-devel-linux-x86_64-fedora-gcc, r-devel-windows-x86_64, r-patched-linux-x86_64, r-release-linux-x86_64, r-release-macos-arm64, r-release-macos-x86_64, r-release-windows-x86_64, r-oldrel-macos-arm64, r-oldrel-macos-x86_64, r-oldrel-windows-x86_64

Version: 1.0.4
Check: data for non-ASCII characters
Result: NOTE Note: found 46 marked UTF-8 strings Flavors: r-devel-linux-x86_64-fedora-clang, r-devel-linux-x86_64-fedora-gcc