CRAN Package Check Results for Package BiplotML

Last updated on 2021-09-19 11:49:42 CEST.

Flavor Version Tinstall Tcheck Ttotal Status Flags
r-devel-linux-x86_64-debian-clang 1.0.1 5.23 47.52 52.75 OK
r-devel-linux-x86_64-debian-gcc 1.0.1 4.23 36.53 40.76 OK
r-devel-linux-x86_64-fedora-clang 1.0.1 76.12 OK
r-devel-linux-x86_64-fedora-gcc 1.0.1 60.23 OK
r-devel-windows-x86_64 1.0.1 6.00 49.00 55.00 OK
r-devel-windows-x86_64-gcc10-UCRT 1.0.1 ERROR
r-patched-linux-x86_64 1.0.1 5.49 44.71 50.20 OK
r-patched-solaris-x86 1.0.1 85.20 OK
r-release-linux-x86_64 1.0.1 5.82 44.92 50.74 OK
r-release-macos-arm64 1.0.1 OK
r-release-macos-x86_64 1.0.1 OK
r-release-windows-ix86+x86_64 1.0.1 12.00 67.00 79.00 OK

Check Details

Version: 1.0.1
Check: whether package can be installed
Result: WARN
    Found the following significant warnings:
     WARNING: installation-time patches will not be applied, could not get the patches index
Flavor: r-devel-windows-x86_64-gcc10-UCRT

Version: 1.0.1
Check: PDF version of manual
Result: WARN
    LaTeX errors when creating PDF version.
    This typically indicates Rd problems.
Flavor: r-devel-windows-x86_64-gcc10-UCRT

Version: 1.0.1
Check: PDF version of manual without hyperrefs or index
Result: ERROR
    Re-running with no redirection of stdout/stderr.
Flavor: r-devel-windows-x86_64-gcc10-UCRT