CRAN Package Check Results for Package BisRNA

Last updated on 2024-06-12 15:54:14 CEST.

Flavor Version Tinstall Tcheck Ttotal Status Flags
r-devel-linux-x86_64-debian-clang 0.2.2 1.61 26.67 28.28 OK
r-devel-linux-x86_64-debian-gcc 0.2.2 1.66 20.04 21.70 OK
r-devel-linux-x86_64-fedora-clang 0.2.2 35.78 OK
r-devel-linux-x86_64-fedora-gcc 0.2.2 34.55 OK
r-devel-windows-x86_64 0.2.2 3.00 42.00 45.00 OK
r-patched-linux-x86_64 0.2.2 2.51 25.92 28.43 OK
r-release-linux-x86_64 0.2.2 2.14 25.16 27.30 OK
r-release-macos-arm64 0.2.2 15.00 OK
r-release-macos-x86_64 0.2.2 22.00 OK
r-release-windows-x86_64 0.2.2 3.00 48.00 51.00 OK
r-oldrel-macos-arm64 0.2.2 18.00 NOTE
r-oldrel-macos-x86_64 0.2.2 22.00 NOTE
r-oldrel-windows-x86_64 0.2.2 3.00 45.00 48.00 OK

Check Details

Version: 0.2.2
Check: package dependencies
Result: NOTE Package suggested but not available for checking: ‘IHW’ Flavors: r-oldrel-macos-arm64, r-oldrel-macos-x86_64