CRAN Package Check Results for Package BisqueRNA

Last updated on 2024-06-13 02:58:51 CEST.

Flavor Version Tinstall Tcheck Ttotal Status Flags
r-devel-linux-x86_64-debian-clang 1.0.5 2.90 54.36 57.26 OK
r-devel-linux-x86_64-debian-gcc 1.0.5 2.34 30.20 32.54 ERROR
r-devel-linux-x86_64-fedora-clang 1.0.5 76.41 OK
r-devel-linux-x86_64-fedora-gcc 1.0.5 80.74 OK
r-devel-windows-x86_64 1.0.5 4.00 62.00 66.00 OK
r-patched-linux-x86_64 1.0.5 2.93 52.39 55.32 OK
r-release-linux-x86_64 1.0.5 2.40 52.18 54.58 OK
r-release-macos-arm64 1.0.5 31.00 OK
r-release-macos-x86_64 1.0.5 46.00 OK
r-release-windows-x86_64 1.0.5 4.00 69.00 73.00 OK
r-oldrel-macos-arm64 1.0.5 31.00 OK
r-oldrel-macos-x86_64 1.0.5 38.00 NOTE
r-oldrel-windows-x86_64 1.0.5 4.00 69.00 73.00 OK

Check Details

Version: 1.0.5
Check: package dependencies
Result: NOTE Packages suggested but not available for checking: 'Seurat', 'testthat' Flavor: r-devel-linux-x86_64-debian-gcc

Version: 1.0.5
Check: tests
Result: ERROR Running ‘testthat.R’ [0s/0s] Running the tests in ‘tests/testthat.R’ failed. Complete output: > library(testthat) Error in library(testthat) : there is no package called 'testthat' Execution halted Flavor: r-devel-linux-x86_64-debian-gcc

Version: 1.0.5
Check: package dependencies
Result: NOTE Package suggested but not available for checking: ‘Seurat’ Flavor: r-oldrel-macos-x86_64