CRAN Package Check Results for Package BivGeo

Last updated on 2021-10-19 09:54:06 CEST.

Flavor Version Tinstall Tcheck Ttotal Status Flags
r-devel-linux-x86_64-debian-clang 2.0.1 2.24 23.20 25.44 NOTE
r-devel-linux-x86_64-debian-gcc 2.0.1 2.13 17.68 19.81 NOTE
r-devel-linux-x86_64-fedora-clang 2.0.1 44.10 NOTE
r-devel-linux-x86_64-fedora-gcc 2.0.1 30.92 NOTE
r-devel-windows-x86_64 2.0.1 4.00 43.00 47.00 NOTE
r-devel-windows-x86_64-gcc10-UCRT 2.0.1 NOTE
r-patched-linux-x86_64 2.0.1 2.58 21.90 24.48 NOTE
r-patched-solaris-x86 2.0.1 46.70 NOTE
r-release-linux-x86_64 2.0.1 2.21 22.50 24.71 NOTE
r-release-macos-arm64 2.0.1 NOTE
r-release-macos-x86_64 2.0.1 NOTE
r-release-windows-ix86+x86_64 2.0.1 6.00 41.00 47.00 NOTE
r-oldrel-macos-x86_64 2.0.1 OK
r-oldrel-windows-ix86+x86_64 2.0.1 4.00 38.00 42.00 OK

Check Details

Version: 2.0.1
Check: LazyData
Result: NOTE
     'LazyData' is specified without a 'data' directory
Flavors: r-devel-linux-x86_64-debian-clang, r-devel-linux-x86_64-debian-gcc, r-devel-linux-x86_64-fedora-clang, r-devel-linux-x86_64-fedora-gcc, r-devel-windows-x86_64, r-devel-windows-x86_64-gcc10-UCRT, r-patched-linux-x86_64, r-patched-solaris-x86, r-release-linux-x86_64, r-release-macos-arm64, r-release-macos-x86_64, r-release-windows-ix86+x86_64