CRAN Package Check Results for Package BivarP

Last updated on 2020-01-23 16:49:17 CET.

Flavor Version Tinstall Tcheck Ttotal Status Flags
r-devel-linux-x86_64-debian-clang 1.0 8.58 73.04 81.62 NOTE
r-devel-linux-x86_64-debian-gcc 1.0 7.93 56.09 64.02 NOTE
r-devel-linux-x86_64-fedora-clang 1.0 96.70 NOTE
r-devel-linux-x86_64-fedora-gcc 1.0 95.71 NOTE
r-devel-windows-ix86+x86_64 1.0 23.00 110.00 133.00 NOTE
r-devel-windows-ix86+x86_64-gcc8 1.0 23.00 83.00 106.00 NOTE
r-patched-linux-x86_64 1.0 8.42 63.04 71.46 NOTE
r-patched-solaris-x86 1.0 132.10 NOTE
r-release-linux-x86_64 1.0 8.53 61.90 70.43 NOTE
r-release-windows-ix86+x86_64 1.0 14.00 96.00 110.00 NOTE
r-release-osx-x86_64 1.0 NOTE
r-oldrel-windows-ix86+x86_64 1.0 9.00 67.00 76.00 NOTE
r-oldrel-osx-x86_64 1.0 NOTE

Check Details

Version: 1.0
Check: R code for possible problems
Result: NOTE
    BiVarEst : gammafit : gammaLik: no visible global function definition
     for 'dgamma'
    BiVarEst : gammafit : gammaLik: no visible global function definition
     for 'pgamma'
    BiVarEst : LiBiCop: no visible global function definition for
     'dweibull'
    BiVarEst : LiBiCop: no visible global function definition for
     'pweibull'
    BiVarEst : LiBiCop: no visible global function definition for 'dlnorm'
    BiVarEst : LiBiCop: no visible global function definition for 'plnorm'
    BiVarEst : LiBiCop: no visible global function definition for 'dnorm'
    BiVarEst : LiBiCop: no visible global function definition for 'pnorm'
    BiVarEst : LiBiCop: no visible global function definition for 'dgamma'
    BiVarEst : LiBiCop: no visible global function definition for 'pgamma'
    dibivar: no visible global function definition for 'pweibull'
    dibivar: no visible global function definition for 'dweibull'
    dibivar: no visible global function definition for 'pgamma'
    dibivar: no visible global function definition for 'dgamma'
    dibivar: no visible global function definition for 'plnorm'
    dibivar: no visible global function definition for 'dlnorm'
    dibivar: no visible global function definition for 'pnorm'
    dibivar: no visible global function definition for 'dnorm'
    gammafit : gammaLik: no visible global function definition for 'dgamma'
    gammafit : gammaLik: no visible global function definition for 'pgamma'
    pibivar: no visible global function definition for 'pweibull'
    pibivar: no visible global function definition for 'pgamma'
    pibivar: no visible global function definition for 'plnorm'
    pibivar: no visible global function definition for 'pnorm'
    subivar: no visible global function definition for 'pweibull'
    subivar: no visible global function definition for 'pgamma'
    subivar: no visible global function definition for 'plnorm'
    subivar: no visible global function definition for 'pnorm'
    Undefined global functions or variables:
     dgamma dlnorm dnorm dweibull pgamma plnorm pnorm pweibull
    Consider adding
     importFrom("stats", "dgamma", "dlnorm", "dnorm", "dweibull", "pgamma",
     "plnorm", "pnorm", "pweibull")
    to your NAMESPACE file.
Flavors: r-devel-linux-x86_64-debian-clang, r-devel-linux-x86_64-debian-gcc, r-devel-linux-x86_64-fedora-clang, r-devel-linux-x86_64-fedora-gcc, r-devel-windows-ix86+x86_64, r-devel-windows-ix86+x86_64-gcc8, r-patched-linux-x86_64, r-patched-solaris-x86, r-release-linux-x86_64, r-release-windows-ix86+x86_64, r-release-osx-x86_64, r-oldrel-windows-ix86+x86_64, r-oldrel-osx-x86_64