CRAN Package Check Results for Package BivarP

Last updated on 2019-09-18 11:48:49 CEST.

Flavor Version Tinstall Tcheck Ttotal Status Flags
r-devel-linux-x86_64-debian-clang 1.0 6.85 61.97 68.82 NOTE
r-devel-linux-x86_64-debian-gcc 1.0 7.30 50.51 57.81 NOTE
r-devel-linux-x86_64-fedora-clang 1.0 86.03 NOTE
r-devel-linux-x86_64-fedora-gcc 1.0 86.30 NOTE
r-devel-windows-ix86+x86_64 1.0 23.00 101.00 124.00 NOTE
r-patched-linux-x86_64 1.0 8.80 61.51 70.31 NOTE
r-patched-solaris-x86 1.0 133.20 NOTE
r-release-linux-x86_64 1.0 7.05 61.42 68.47 NOTE
r-release-windows-ix86+x86_64 1.0 13.00 69.00 82.00 NOTE
r-release-osx-x86_64 1.0 NOTE
r-oldrel-windows-ix86+x86_64 1.0 9.00 73.00 82.00 NOTE
r-oldrel-osx-x86_64 1.0 NOTE

Check Details

Version: 1.0
Check: R code for possible problems
Result: NOTE
    BiVarEst : gammafit : gammaLik: no visible global function definition
     for 'dgamma'
    BiVarEst : gammafit : gammaLik: no visible global function definition
     for 'pgamma'
    BiVarEst : LiBiCop: no visible global function definition for
     'dweibull'
    BiVarEst : LiBiCop: no visible global function definition for
     'pweibull'
    BiVarEst : LiBiCop: no visible global function definition for 'dlnorm'
    BiVarEst : LiBiCop: no visible global function definition for 'plnorm'
    BiVarEst : LiBiCop: no visible global function definition for 'dnorm'
    BiVarEst : LiBiCop: no visible global function definition for 'pnorm'
    BiVarEst : LiBiCop: no visible global function definition for 'dgamma'
    BiVarEst : LiBiCop: no visible global function definition for 'pgamma'
    dibivar: no visible global function definition for 'pweibull'
    dibivar: no visible global function definition for 'dweibull'
    dibivar: no visible global function definition for 'pgamma'
    dibivar: no visible global function definition for 'dgamma'
    dibivar: no visible global function definition for 'plnorm'
    dibivar: no visible global function definition for 'dlnorm'
    dibivar: no visible global function definition for 'pnorm'
    dibivar: no visible global function definition for 'dnorm'
    gammafit : gammaLik: no visible global function definition for 'dgamma'
    gammafit : gammaLik: no visible global function definition for 'pgamma'
    pibivar: no visible global function definition for 'pweibull'
    pibivar: no visible global function definition for 'pgamma'
    pibivar: no visible global function definition for 'plnorm'
    pibivar: no visible global function definition for 'pnorm'
    subivar: no visible global function definition for 'pweibull'
    subivar: no visible global function definition for 'pgamma'
    subivar: no visible global function definition for 'plnorm'
    subivar: no visible global function definition for 'pnorm'
    Undefined global functions or variables:
     dgamma dlnorm dnorm dweibull pgamma plnorm pnorm pweibull
    Consider adding
     importFrom("stats", "dgamma", "dlnorm", "dnorm", "dweibull", "pgamma",
     "plnorm", "pnorm", "pweibull")
    to your NAMESPACE file.
Flavors: r-devel-linux-x86_64-debian-clang, r-devel-linux-x86_64-debian-gcc, r-devel-linux-x86_64-fedora-clang, r-devel-linux-x86_64-fedora-gcc, r-devel-windows-ix86+x86_64, r-patched-linux-x86_64, r-patched-solaris-x86, r-release-linux-x86_64, r-release-windows-ix86+x86_64, r-release-osx-x86_64, r-oldrel-windows-ix86+x86_64, r-oldrel-osx-x86_64