CRAN Package Check Results for Package BivarP

Last updated on 2020-08-12 13:50:02 CEST.

Flavor Version Tinstall Tcheck Ttotal Status Flags
r-devel-linux-x86_64-debian-clang 1.0 11.01 71.07 82.08 NOTE
r-devel-linux-x86_64-debian-gcc 1.0 8.03 54.90 62.93 NOTE
r-devel-linux-x86_64-fedora-clang 1.0 104.54 NOTE
r-devel-linux-x86_64-fedora-gcc 1.0 94.70 NOTE
r-devel-windows-ix86+x86_64 1.0 24.00 107.00 131.00 NOTE
r-patched-linux-x86_64 1.0 10.67 69.10 79.77 NOTE
r-patched-solaris-x86 1.0 147.80 NOTE
r-release-linux-x86_64 1.0 10.51 69.24 79.75 NOTE
r-release-macos-x86_64 1.0 NOTE
r-release-windows-ix86+x86_64 1.0 22.00 73.00 95.00 NOTE
r-oldrel-macos-x86_64 1.0 NOTE
r-oldrel-windows-ix86+x86_64 1.0 13.00 80.00 93.00 NOTE

Check Details

Version: 1.0
Check: R code for possible problems
Result: NOTE
    BiVarEst : gammafit : gammaLik: no visible global function definition
     for 'dgamma'
    BiVarEst : gammafit : gammaLik: no visible global function definition
     for 'pgamma'
    BiVarEst : LiBiCop: no visible global function definition for
     'dweibull'
    BiVarEst : LiBiCop: no visible global function definition for
     'pweibull'
    BiVarEst : LiBiCop: no visible global function definition for 'dlnorm'
    BiVarEst : LiBiCop: no visible global function definition for 'plnorm'
    BiVarEst : LiBiCop: no visible global function definition for 'dnorm'
    BiVarEst : LiBiCop: no visible global function definition for 'pnorm'
    BiVarEst : LiBiCop: no visible global function definition for 'dgamma'
    BiVarEst : LiBiCop: no visible global function definition for 'pgamma'
    dibivar: no visible global function definition for 'pweibull'
    dibivar: no visible global function definition for 'dweibull'
    dibivar: no visible global function definition for 'pgamma'
    dibivar: no visible global function definition for 'dgamma'
    dibivar: no visible global function definition for 'plnorm'
    dibivar: no visible global function definition for 'dlnorm'
    dibivar: no visible global function definition for 'pnorm'
    dibivar: no visible global function definition for 'dnorm'
    gammafit : gammaLik: no visible global function definition for 'dgamma'
    gammafit : gammaLik: no visible global function definition for 'pgamma'
    pibivar: no visible global function definition for 'pweibull'
    pibivar: no visible global function definition for 'pgamma'
    pibivar: no visible global function definition for 'plnorm'
    pibivar: no visible global function definition for 'pnorm'
    subivar: no visible global function definition for 'pweibull'
    subivar: no visible global function definition for 'pgamma'
    subivar: no visible global function definition for 'plnorm'
    subivar: no visible global function definition for 'pnorm'
    Undefined global functions or variables:
     dgamma dlnorm dnorm dweibull pgamma plnorm pnorm pweibull
    Consider adding
     importFrom("stats", "dgamma", "dlnorm", "dnorm", "dweibull", "pgamma",
     "plnorm", "pnorm", "pweibull")
    to your NAMESPACE file.
Flavors: r-devel-linux-x86_64-debian-clang, r-devel-linux-x86_64-debian-gcc, r-devel-linux-x86_64-fedora-clang, r-devel-linux-x86_64-fedora-gcc, r-devel-windows-ix86+x86_64, r-patched-linux-x86_64, r-patched-solaris-x86, r-release-linux-x86_64, r-release-macos-x86_64, r-release-windows-ix86+x86_64, r-oldrel-macos-x86_64, r-oldrel-windows-ix86+x86_64