CRAN Package Check Results for Package Blaunet

Last updated on 2018-09-24 19:46:21 CEST.

Flavor Version Tinstall Tcheck Ttotal Status Flags
r-devel-linux-x86_64-debian-clang 2.0.8 2.41 34.85 37.26 OK
r-devel-linux-x86_64-debian-gcc 2.0.8 2.22 26.71 28.93 OK
r-devel-linux-x86_64-fedora-clang 2.0.8 43.27 NOTE
r-devel-linux-x86_64-fedora-gcc 2.0.8 41.17 NOTE
r-devel-windows-ix86+x86_64 2.0.8 6.00 66.00 72.00 OK
r-patched-linux-x86_64 2.0.8 1.99 32.58 34.57 OK
r-patched-solaris-x86 2.0.8 59.70 NOTE
r-release-linux-x86_64 2.0.8 2.39 33.26 35.65 OK
r-release-windows-ix86+x86_64 2.0.8 8.00 65.00 73.00 OK
r-release-osx-x86_64 2.0.7 ERROR
r-oldrel-windows-ix86+x86_64 2.0.8 4.00 57.00 61.00 OK
r-oldrel-osx-x86_64 2.0.7 ERROR

Check Details

Version: 2.0.8
Check: dependencies in R code
Result: NOTE
    Namespaces in Imports field not imported from:
     ‘RGtk2’ ‘cairoDevice’ ‘ergm’ ‘foreign’ ‘gWidgets’ ‘gWidgetsRGtk2’
     ‘haven’ ‘plot3D’ ‘plot3Drgl’ ‘rgl’ ‘sna’ ‘statnet.common’
     All declared Imports should be used.
Flavors: r-devel-linux-x86_64-fedora-clang, r-devel-linux-x86_64-fedora-gcc, r-patched-solaris-x86

Version: 2.0.7
Check: package dependencies
Result: ERROR
    Packages required but not available: ‘gWidgetsRGtk2’ ‘RGtk2’ ‘cairoDevice’
    
    See section ‘The DESCRIPTION file’ in the ‘Writing R Extensions’
    manual.
Flavors: r-release-osx-x86_64, r-oldrel-osx-x86_64