CRAN Package Check Results for Package Blaunet

Last updated on 2018-12-19 08:48:40 CET.

Flavor Version Tinstall Tcheck Ttotal Status Flags
r-devel-linux-x86_64-debian-clang 2.0.8 1.90 35.26 37.16 OK
r-devel-linux-x86_64-debian-gcc 2.0.8 2.33 26.70 29.03 OK
r-devel-linux-x86_64-fedora-clang 2.0.8 42.21 NOTE
r-devel-linux-x86_64-fedora-gcc 2.0.8 41.71 NOTE
r-devel-windows-ix86+x86_64 2.0.8 7.00 59.00 66.00 OK
r-patched-linux-x86_64 2.0.8 2.21 33.03 35.24 OK
r-patched-solaris-x86 2.0.8 60.40 NOTE
r-release-linux-x86_64 2.0.8 1.96 33.09 35.05 OK
r-release-windows-ix86+x86_64 2.0.8 7.00 60.00 67.00 OK
r-release-osx-x86_64 2.0.8 ERROR
r-oldrel-windows-ix86+x86_64 2.0.8 6.00 59.00 65.00 OK
r-oldrel-osx-x86_64 2.0.8 ERROR

Check Details

Version: 2.0.8
Check: dependencies in R code
Result: NOTE
    Namespaces in Imports field not imported from:
     ‘RGtk2’ ‘cairoDevice’ ‘ergm’ ‘foreign’ ‘gWidgets’ ‘gWidgetsRGtk2’
     ‘haven’ ‘plot3D’ ‘plot3Drgl’ ‘rgl’ ‘sna’ ‘statnet.common’
     All declared Imports should be used.
Flavors: r-devel-linux-x86_64-fedora-clang, r-devel-linux-x86_64-fedora-gcc, r-patched-solaris-x86

Version: 2.0.8
Check: package dependencies
Result: ERROR
    Packages required but not available: ‘gWidgetsRGtk2’ ‘RGtk2’ ‘cairoDevice’
    
    See section ‘The DESCRIPTION file’ in the ‘Writing R Extensions’
    manual.
Flavors: r-release-osx-x86_64, r-oldrel-osx-x86_64