CRAN Package Check Results for Package Bmix

Last updated on 2021-09-23 20:52:09 CEST.

Flavor Version Tinstall Tcheck Ttotal Status Flags
r-devel-linux-x86_64-debian-clang 0.6 11.30 22.39 33.69 OK
r-devel-linux-x86_64-debian-gcc 0.6 7.05 17.98 25.03 OK
r-devel-linux-x86_64-fedora-clang 0.6 57.71 NOTE
r-devel-linux-x86_64-fedora-gcc 0.6 38.40 NOTE
r-devel-windows-x86_64 0.6 21.00 38.00 59.00 OK
r-devel-windows-x86_64-gcc10-UCRT 0.6 OK
r-patched-linux-x86_64 0.6 7.53 21.89 29.42 OK
r-patched-solaris-x86 0.6 60.60 OK
r-release-linux-x86_64 0.6 8.43 21.86 30.29 OK
r-release-macos-arm64 0.6 OK
r-release-macos-x86_64 0.6 OK
r-release-windows-ix86+x86_64 0.6 32.00 61.00 93.00 OK
r-oldrel-macos-x86_64 0.6 OK
r-oldrel-windows-ix86+x86_64 0.6 27.00 61.00 88.00 OK

Check Details

Version: 0.6
Check: compiled code
Result: NOTE
    File ‘Bmix/libs/Bmix.so’:
     Found no calls to: ‘R_registerRoutines’, ‘R_useDynamicSymbols’
    
    It is good practice to register native routines and to disable symbol
    search.
    
    See ‘Writing portable packages’ in the ‘Writing R Extensions’ manual.
Flavors: r-devel-linux-x86_64-fedora-clang, r-devel-linux-x86_64-fedora-gcc