CRAN Package Check Results for Package BonEV

Last updated on 2024-05-26 13:56:05 CEST.

Flavor Version Tinstall Tcheck Ttotal Status Flags
r-devel-linux-x86_64-debian-clang 1.0 4.03 68.25 72.28 OK
r-devel-linux-x86_64-debian-gcc 1.0 4.47 52.75 57.22 OK
r-devel-linux-x86_64-fedora-clang 1.0 95.57 OK
r-devel-linux-x86_64-fedora-gcc 1.0 102.48 OK
r-devel-windows-x86_64 1.0 2.00 5.00 7.00 ERROR
r-patched-linux-x86_64 1.0 6.26 66.97 73.23 OK
r-release-linux-x86_64 1.0 4.08 67.22 71.30 OK
r-release-macos-arm64 1.0 36.00 OK
r-release-macos-x86_64 1.0 71.00 OK
r-release-windows-x86_64 1.0 2.00 5.00 7.00 ERROR
r-oldrel-macos-arm64 1.0 65.00 OK
r-oldrel-macos-x86_64 1.0 60.00 NOTE
r-oldrel-windows-x86_64 1.0 5.00 58.00 63.00 OK

Check Details

Version: 1.0
Check: whether package can be installed
Result: ERROR Installation failed. Flavors: r-devel-windows-x86_64, r-release-windows-x86_64

Version: 1.0
Check: re-building of vignette outputs
Result: NOTE Error(s) in re-building vignettes: ... --- re-building ‘BonEV.Rnw’ using Sweave Error: processing vignette 'BonEV.Rnw' failed with diagnostics: Running 'texi2dvi' on 'BonEV.tex' failed. LaTeX errors: ! LaTeX Error: File `underscore.sty' not found. Type X to quit or <RETURN> to proceed, or enter new name. (Default extension: sty) ! Emergency stop. <read *> l.6 \parindent 0in^^M ! ==> Fatal error occurred, no output PDF file produced! --- failed re-building ‘BonEV.Rnw’ SUMMARY: processing the following file failed: ‘BonEV.Rnw’ Error: Vignette re-building failed. Execution halted Flavor: r-oldrel-macos-x86_64