CRAN Package Check Results for Package BoostMLR

Last updated on 2024-05-27 07:49:16 CEST.

Flavor Version Tinstall Tcheck Ttotal Status Flags
r-devel-linux-x86_64-debian-clang 1.0.3 74.39 44.64 119.03 OK
r-devel-linux-x86_64-debian-gcc 1.0.3 56.16 32.73 88.89 OK
r-devel-linux-x86_64-fedora-clang 1.0.3 141.65 OK
r-devel-linux-x86_64-fedora-gcc 1.0.3 164.10 OK
r-devel-windows-x86_64 1.0.3 49.00 76.00 125.00 OK
r-patched-linux-x86_64 1.0.3 63.88 41.26 105.14 OK
r-release-linux-x86_64 1.0.3 61.49 43.35 104.84 OK
r-release-macos-arm64 1.0.3 36.00 OK
r-release-windows-x86_64 1.0.3 48.00 74.00 122.00 OK
r-oldrel-macos-arm64 1.0.3 43.00 OK
r-oldrel-macos-x86_64 1.0.3 71.00 NOTE
r-oldrel-windows-x86_64 1.0.3 64.00 86.00 150.00 OK

Check Details

Version: 1.0.3
Check: installed package size
Result: NOTE installed size is 5.1Mb sub-directories of 1Mb or more: libs 4.7Mb Flavor: r-oldrel-macos-x86_64