Last updated on 2023-02-07 17:54:59 CET.
Flavor | Version | Tinstall | Tcheck | Ttotal | Status | Flags |
---|---|---|---|---|---|---|
r-devel-linux-x86_64-debian-clang | 1.0.5 | 2.92 | 44.32 | 47.24 | OK | |
r-devel-linux-x86_64-debian-gcc | 1.0.5 | 2.78 | 33.14 | 35.92 | OK | |
r-devel-linux-x86_64-fedora-clang | 1.0.5 | 62.99 | OK | |||
r-devel-linux-x86_64-fedora-gcc | 1.0.5 | 62.04 | OK | |||
r-devel-windows-x86_64 | 1.0.5 | 13.00 | 74.00 | 87.00 | NOTE | |
r-patched-linux-x86_64 | 1.0.5 | 3.83 | 42.24 | 46.07 | OK | |
r-release-linux-x86_64 | 1.0.5 | 2.57 | 42.58 | 45.15 | OK | |
r-release-macos-arm64 | 1.0.5 | 25.00 | NOTE | |||
r-release-macos-x86_64 | 1.0.5 | 30.00 | OK | |||
r-release-windows-x86_64 | 1.0.5 | 12.00 | 77.00 | 89.00 | NOTE | |
r-oldrel-macos-arm64 | 1.0.5 | 30.00 | NOTE | |||
r-oldrel-macos-x86_64 | 1.0.5 | 40.00 | OK | |||
r-oldrel-windows-ix86+x86_64 | 1.0.5 | 9.00 | 71.00 | 80.00 | NOTE |
Version: 1.0.5
Check: package dependencies
Result: NOTE
Package suggested but not available for checking: 'doMC'
Flavors: r-devel-windows-x86_64, r-release-windows-x86_64, r-oldrel-windows-ix86+x86_64
Version: 1.0.5
Check: package dependencies
Result: NOTE
Package suggested but not available for checking: ‘qvalue’
Flavors: r-release-macos-arm64, r-oldrel-macos-arm64
Version: 1.0.5
Check: Rd cross-references
Result: NOTE
Package unavailable to check Rd xrefs: ‘qvalue’
Flavors: r-release-macos-arm64, r-oldrel-macos-arm64