CRAN Package Check Results for Package BootstrapQTL

Last updated on 2019-04-19 10:47:19 CEST.

Flavor Version Tinstall Tcheck Ttotal Status Flags
r-devel-linux-x86_64-debian-clang 1.0.2 3.04 38.74 41.78 OK
r-devel-linux-x86_64-debian-gcc 1.0.2 2.26 32.01 34.27 OK
r-devel-linux-x86_64-fedora-clang 1.0.2 47.87 OK
r-devel-linux-x86_64-fedora-gcc 1.0.2 45.61 OK
r-devel-windows-ix86+x86_64 1.0.2 8.00 77.00 85.00 NOTE
r-patched-linux-x86_64 1.0.2 2.66 37.03 39.69 OK
r-patched-solaris-x86 1.0.2 65.70 OK
r-release-linux-x86_64 1.0.2 2.05 37.25 39.30 OK
r-release-windows-ix86+x86_64 1.0.2 3.00 124.00 127.00 NOTE
r-release-osx-x86_64 1.0.2 OK
r-oldrel-windows-ix86+x86_64 1.0.2 3.00 74.00 77.00 NOTE
r-oldrel-osx-x86_64 1.0.2 OK

Check Details

Version: 1.0.2
Check: package dependencies
Result: NOTE
    Package suggested but not available for checking: 'doMC'
Flavors: r-devel-windows-ix86+x86_64, r-release-windows-ix86+x86_64, r-oldrel-windows-ix86+x86_64