CRAN Package Check Results for Package BootstrapQTL

Last updated on 2019-06-19 18:52:28 CEST.

Flavor Version Tinstall Tcheck Ttotal Status Flags
r-devel-linux-x86_64-debian-clang 1.0.2 2.79 38.02 40.81 OK
r-devel-linux-x86_64-debian-gcc 1.0.2 2.20 32.25 34.45 OK
r-devel-linux-x86_64-fedora-clang 1.0.2 45.44 OK
r-devel-linux-x86_64-fedora-gcc 1.0.2 45.58 OK
r-devel-windows-ix86+x86_64 1.0.2 9.00 80.00 89.00 NOTE
r-patched-linux-x86_64 1.0.2 2.87 37.32 40.19 OK
r-patched-solaris-x86 1.0.2 66.80 OK
r-release-linux-x86_64 1.0.2 2.70 36.99 39.69 OK
r-release-windows-ix86+x86_64 1.0.2 8.00 71.00 79.00 NOTE
r-release-osx-x86_64 1.0.2 NOTE
r-oldrel-windows-ix86+x86_64 1.0.2 3.00 69.00 72.00 NOTE
r-oldrel-osx-x86_64 1.0.2 OK

Check Details

Version: 1.0.2
Check: package dependencies
Result: NOTE
    Package suggested but not available for checking: 'doMC'
Flavors: r-devel-windows-ix86+x86_64, r-release-windows-ix86+x86_64, r-oldrel-windows-ix86+x86_64

Version: 1.0.2
Check: package dependencies
Result: NOTE
    Package suggested but not available for checking: ‘qvalue’
Flavor: r-release-osx-x86_64

Version: 1.0.2
Check: Rd cross-references
Result: NOTE
    Package unavailable to check Rd xrefs: ‘qvalue’
Flavor: r-release-osx-x86_64