CRAN Package Check Results for Package Boruta

Last updated on 2019-05-24 13:48:16 CEST.

Flavor Version Tinstall Tcheck Ttotal Status Flags
r-devel-linux-x86_64-debian-clang 6.0.0 6.14 93.88 100.02 OK
r-devel-linux-x86_64-debian-gcc 6.0.0 5.87 73.63 79.50 OK
r-devel-linux-x86_64-fedora-clang 6.0.0 109.52 OK
r-devel-linux-x86_64-fedora-gcc 6.0.0 112.81 OK
r-devel-windows-ix86+x86_64 6.0.0 14.00 95.00 109.00 OK
r-patched-linux-x86_64 6.0.0 7.30 91.53 98.83 OK
r-patched-solaris-x86 6.0.0 306.30 NOTE
r-release-linux-x86_64 6.0.0 5.24 91.67 96.91 OK
r-release-windows-ix86+x86_64 6.0.0 17.00 93.00 110.00 OK
r-release-osx-x86_64 6.0.0 OK
r-oldrel-windows-ix86+x86_64 6.0.0 10.00 102.00 112.00 OK
r-oldrel-osx-x86_64 6.0.0 OK

Check Details

Version: 6.0.0
Check: package dependencies
Result: NOTE
    Package suggested but not available for checking: ‘xgboost’
Flavor: r-patched-solaris-x86

Version: 6.0.0
Check: Rd cross-references
Result: NOTE
    Package unavailable to check Rd xrefs: ‘xgboost’
Flavor: r-patched-solaris-x86