CRAN Package Check Results for Package BoutrosLab.plotting.general

Last updated on 2024-07-16 16:52:46 CEST.

Flavor Version Tinstall Tcheck Ttotal Status Flags
r-devel-linux-x86_64-debian-clang 7.1.0 24.23 198.04 222.27 OK
r-devel-linux-x86_64-debian-gcc 7.1.0 19.14 143.06 162.20 OK
r-devel-linux-x86_64-fedora-clang 7.1.0 277.02 OK
r-devel-linux-x86_64-fedora-gcc 7.1.0 272.07 OK
r-devel-windows-x86_64 7.1.0 23.00 182.00 205.00 NOTE
r-patched-linux-x86_64 7.1.0 25.59 189.67 215.26 OK
r-release-linux-x86_64 7.1.0 24.64 191.59 216.23 OK
r-release-macos-arm64 7.1.0 81.00 OK
r-release-macos-x86_64 7.1.0 112.00 WARN
r-release-windows-x86_64 7.1.0 23.00 181.00 204.00 OK
r-oldrel-macos-arm64 7.1.0 85.00 OK
r-oldrel-macos-x86_64 7.1.0 213.00 OK
r-oldrel-windows-x86_64 7.1.0 28.00 214.00 242.00 OK

Check Details

Version: 7.1.0
Check: Rd cross-references
Result: NOTE Found the following Rd file(s) with Rd \link{} targets missing package anchors: legend.grob.Rd: draw.key Please provide package anchors for all Rd \link{} targets not in the package itself and the base packages. Flavor: r-devel-windows-x86_64

Version: 7.1.0
Check: re-building of vignette outputs
Result: WARN Error(s) in re-building vignettes: ... --- re-building ‘PlottingGuide.Rnw’ using knitr_notangle Warning in remind_sweave(if (in.file) input, sweave_lines) : It seems you are using the Sweave-specific syntax in line(s) 2303, 2363; you may need Sweave2knitr("PlottingGuide.Rnw") to convert it to knitr Error: processing vignette 'PlottingGuide.Rnw' failed with diagnostics: Running 'texi2dvi' on 'PlottingGuide.tex' failed. LaTeX errors: ! Undefined control sequence. l.355 \hlkwd{library}\hldef {(BoutrosLab.plotting.general);} ? ! Emergency stop. ! Emergency stop. l.355 End of file on the terminal! ! ==> Fatal error occurred, no output PDF file produced! --- failed re-building ‘PlottingGuide.Rnw’ SUMMARY: processing the following file failed: ‘PlottingGuide.Rnw’ Error: Vignette re-building failed. Execution halted Flavor: r-release-macos-x86_64