CRAN Package Check Results for Package BoutrosLab.plotting.general

Last updated on 2019-03-23 19:50:11 CET.

Flavor Version Tinstall Tcheck Ttotal Status Flags
r-devel-linux-x86_64-debian-clang 5.9.2 16.02 129.78 145.80 OK
r-devel-linux-x86_64-debian-gcc 5.9.2 15.53 101.44 116.97 OK
r-devel-linux-x86_64-fedora-clang 5.9.2 186.62 OK
r-devel-linux-x86_64-fedora-gcc 5.9.2 180.13 OK
r-devel-windows-ix86+x86_64 5.9.2 50.00 224.00 274.00 OK
r-patched-linux-x86_64 5.9.2 16.22 126.15 142.37 OK
r-patched-solaris-x86 5.9.2 224.60 OK
r-release-linux-x86_64 5.9.2 0.72 3.27 3.99 ERROR
r-release-windows-ix86+x86_64 5.9.2 28.00 175.00 203.00 OK
r-release-osx-x86_64 5.9.2 OK
r-oldrel-windows-ix86+x86_64 5.9.2 13.00 258.00 271.00 OK
r-oldrel-osx-x86_64 5.9.2 OK

Check Details

Version: 5.9.2
Check: whether package can be installed
Result: ERROR
    Installation failed.
Flavor: r-release-linux-x86_64