Last updated on 2022-07-06 02:52:22 CEST.
Flavor | Version | Tinstall | Tcheck | Ttotal | Status | Flags |
---|---|---|---|---|---|---|
r-devel-linux-x86_64-debian-clang | 0.32.1 | 22.12 | 259.87 | 281.99 | NOTE | |
r-devel-linux-x86_64-debian-gcc | 0.32.1 | 17.77 | 188.76 | 206.53 | NOTE | |
r-devel-linux-x86_64-fedora-clang | 0.32.1 | 348.37 | NOTE | |||
r-devel-linux-x86_64-fedora-gcc | 0.32.1 | 337.88 | NOTE | |||
r-devel-windows-x86_64 | 0.32.1 | 118.00 | 319.00 | 437.00 | NOTE | |
r-patched-linux-x86_64 | 0.32.1 | 19.54 | 244.97 | 264.51 | OK | |
r-release-linux-x86_64 | 0.32.1 | 14.75 | 246.91 | 261.66 | OK | |
r-release-macos-arm64 | 0.32.1 | 100.00 | NOTE | |||
r-release-macos-x86_64 | 0.32.1 | 183.00 | NOTE | |||
r-release-windows-x86_64 | 0.32.1 | 88.00 | 331.00 | 419.00 | OK | |
r-oldrel-macos-arm64 | 0.32.1 | 112.00 | NOTE | |||
r-oldrel-macos-x86_64 | 0.32.1 | 144.00 | NOTE | |||
r-oldrel-windows-ix86+x86_64 | 0.32.1 | 48.00 | 307.00 | 355.00 | OK |
Version: 0.32.1
Check: Rd files
Result: NOTE
checkRd: (-1) R2txtJG.Rd:90: Escaped LaTeX specials: \#
Flavors: r-devel-linux-x86_64-debian-clang, r-devel-linux-x86_64-debian-gcc, r-devel-linux-x86_64-fedora-clang, r-devel-linux-x86_64-fedora-gcc, r-devel-windows-x86_64
Version: 0.32.1
Check: dependencies in R code
Result: NOTE
Namespace in Imports field not imported from: ‘mathjaxr’
All declared Imports should be used.
Flavors: r-devel-linux-x86_64-fedora-clang, r-devel-linux-x86_64-fedora-gcc, r-release-macos-arm64, r-release-macos-x86_64, r-oldrel-macos-arm64, r-oldrel-macos-x86_64