CRAN Package Check Results for Package BrailleR

Last updated on 2022-11-29 17:52:01 CET.

Flavor Version Tinstall Tcheck Ttotal Status Flags
r-devel-linux-x86_64-debian-clang 0.32.1 24.50 307.05 331.55 NOTE
r-devel-linux-x86_64-debian-gcc 0.32.1 18.71 221.71 240.42 NOTE
r-devel-linux-x86_64-fedora-clang 0.32.1 423.63 NOTE
r-devel-linux-x86_64-fedora-gcc 0.32.1 410.48 NOTE
r-devel-windows-x86_64 0.32.1 51.00 341.00 392.00 NOTE
r-patched-linux-x86_64 0.32.1 22.66 282.15 304.81 OK
r-release-linux-x86_64 0.32.1 20.05 256.07 276.12 OK
r-release-macos-arm64 0.32.1 100.00 NOTE
r-release-macos-x86_64 0.32.1 183.00 NOTE
r-release-windows-x86_64 0.32.1 109.00 359.00 468.00 OK
r-oldrel-macos-arm64 0.32.1 112.00 NOTE
r-oldrel-macos-x86_64 0.32.1 144.00 NOTE
r-oldrel-windows-ix86+x86_64 0.32.1 47.00 315.00 362.00 OK

Check Details

Version: 0.32.1
Check: Rd files
Result: NOTE
    checkRd: (-1) R2txtJG.Rd:90: Escaped LaTeX specials: \#
Flavors: r-devel-linux-x86_64-debian-clang, r-devel-linux-x86_64-debian-gcc, r-devel-linux-x86_64-fedora-clang, r-devel-linux-x86_64-fedora-gcc, r-devel-windows-x86_64

Version: 0.32.1
Check: dependencies in R code
Result: NOTE
    Namespace in Imports field not imported from: ‘mathjaxr’
     All declared Imports should be used.
Flavors: r-devel-linux-x86_64-fedora-clang, r-devel-linux-x86_64-fedora-gcc, r-release-macos-arm64, r-release-macos-x86_64, r-oldrel-macos-arm64, r-oldrel-macos-x86_64