CRAN Package Check Results for Package BreakPoints

Last updated on 2022-12-03 19:52:46 CET.

Flavor Version Tinstall Tcheck Ttotal Status Flags
r-devel-linux-x86_64-debian-clang 1.2 3.40 29.99 33.39 NOTE
r-devel-linux-x86_64-debian-gcc 1.2 2.54 23.09 25.63 NOTE
r-devel-linux-x86_64-fedora-clang 1.2 54.47 NOTE
r-devel-linux-x86_64-fedora-gcc 1.2 51.11 NOTE
r-devel-windows-x86_64 1.2 13.00 59.00 72.00 NOTE
r-patched-linux-x86_64 1.2 3.71 29.57 33.28 NOTE
r-release-linux-x86_64 1.2 3.33 28.57 31.90 NOTE
r-release-macos-arm64 1.2 17.00 NOTE
r-release-macos-x86_64 1.2 25.00 NOTE
r-release-windows-x86_64 1.2 18.00 57.00 75.00 NOTE
r-oldrel-macos-arm64 1.2 28.00 NOTE
r-oldrel-macos-x86_64 1.2 29.00 NOTE
r-oldrel-windows-ix86+x86_64 1.2 6.00 50.00 56.00 NOTE

Check Details

Version: 1.2
Check: LazyData
Result: NOTE
     'LazyData' is specified without a 'data' directory
Flavors: r-devel-linux-x86_64-debian-clang, r-devel-linux-x86_64-debian-gcc, r-devel-linux-x86_64-fedora-clang, r-devel-linux-x86_64-fedora-gcc, r-devel-windows-x86_64, r-patched-linux-x86_64, r-release-linux-x86_64, r-release-macos-arm64, r-release-macos-x86_64, r-release-windows-x86_64, r-oldrel-macos-arm64, r-oldrel-macos-x86_64, r-oldrel-windows-ix86+x86_64