CRAN Package Check Results for Package Brundle

Last updated on 2019-06-18 00:51:30 CEST.

Flavor Version Tinstall Tcheck Ttotal Status Flags
r-devel-linux-x86_64-debian-clang 1.0.9 46.83 492.32 539.15 OK
r-devel-linux-x86_64-debian-gcc 1.0.9 41.21 391.29 432.50 OK
r-devel-linux-x86_64-fedora-clang 1.0.9 682.22 OK
r-devel-linux-x86_64-fedora-gcc 1.0.9 681.91 OK
r-devel-windows-ix86+x86_64 1.0.9 192.00 485.00 677.00 OK
r-patched-linux-x86_64 1.0.9 45.47 476.87 522.34 OK
r-patched-solaris-x86 1.0.9 932.50 OK
r-release-linux-x86_64 1.0.9 46.11 484.85 530.96 OK
r-release-windows-ix86+x86_64 1.0.9 144.00 613.00 757.00 OK
r-release-osx-x86_64 1.0.9 ERROR
r-oldrel-windows-ix86+x86_64 1.0.9 57.00 526.00 583.00 OK
r-oldrel-osx-x86_64 1.0.9 ERROR

Check Details

Version: 1.0.9
Check: package dependencies
Result: ERROR
    Packages required but not available: 'DiffBind', 'Rsamtools', 'DESeq2'
    
    See section ‘The DESCRIPTION file’ in the ‘Writing R Extensions’
    manual.
Flavor: r-release-osx-x86_64

Version: 1.0.9
Check: package dependencies
Result: ERROR
    Packages required but not available: ‘DiffBind’ ‘Rsamtools’
    
    See section ‘The DESCRIPTION file’ in the ‘Writing R Extensions’
    manual.
Flavor: r-oldrel-osx-x86_64