CRAN Package Check Results for Package Brundle

Last updated on 2021-12-07 14:52:55 CET.

Flavor Version Tinstall Tcheck Ttotal Status Flags
r-devel-linux-x86_64-debian-clang 1.0.9 68.49 520.49 588.98 OK
r-devel-linux-x86_64-debian-gcc 1.0.9 56.99 407.05 464.04 OK
r-devel-linux-x86_64-fedora-clang 1.0.9 543.80 OK
r-devel-linux-x86_64-fedora-gcc 1.0.9 501.53 OK
r-devel-windows-x86_64-new-UL 1.0.9 1.00 7.00 8.00 ERROR
r-devel-windows-x86_64-new-TK 1.0.9 OK
r-devel-windows-x86_64-old 1.0.9 35.00 8.00 43.00 ERROR
r-patched-linux-x86_64 1.0.9 66.79 501.63 568.42 OK
r-release-linux-x86_64 1.0.9 80.40 615.51 695.91 OK
r-release-macos-arm64 1.0.9 OK
r-release-macos-x86_64 1.0.9 WARN
r-release-windows-ix86+x86_64 1.0.9 151.00 710.00 861.00 OK
r-oldrel-macos-x86_64 1.0.9 OK
r-oldrel-windows-ix86+x86_64 1.0.9 206.00 722.00 928.00 OK

Check Details

Version: 1.0.9
Check: package dependencies
Result: ERROR
    Package required but not available: 'DiffBind'
    
    See section 'The DESCRIPTION file' in the 'Writing R Extensions'
    manual.
Flavor: r-devel-windows-x86_64-new-UL

Version: 1.0.9
Check: whether package can be installed
Result: ERROR
    Installation failed.
Flavor: r-devel-windows-x86_64-old

Version: 1.0.9
Check: whether package can be installed
Result: WARN
    Found the following significant warnings:
     Warning: multiple methods tables found for ‘export’
Flavor: r-release-macos-x86_64