CRAN Package Check Results for Package BullsEyeR

Last updated on 2020-09-28 04:47:28 CEST.

Flavor Version Tinstall Tcheck Ttotal Status Flags
r-devel-linux-x86_64-debian-clang 0.2.0 9.26 68.40 77.66 OK
r-devel-linux-x86_64-debian-gcc 0.2.0 6.89 53.26 60.15 OK
r-devel-linux-x86_64-fedora-clang 0.2.0 100.63 NOTE
r-devel-linux-x86_64-fedora-gcc 0.2.0 107.30 OK
r-devel-windows-ix86+x86_64 0.2.0 20.00 93.00 113.00 OK
r-patched-linux-x86_64 0.2.0 8.58 64.04 72.62 OK
r-patched-solaris-x86 0.2.0 153.90 OK
r-release-linux-x86_64 0.2.0 7.86 65.20 73.06 OK
r-release-macos-x86_64 0.2.0 OK
r-release-windows-ix86+x86_64 0.2.0 24.00 88.00 112.00 OK
r-oldrel-macos-x86_64 0.2.0 OK
r-oldrel-windows-ix86+x86_64 0.2.0 17.00 84.00 101.00 OK

Check Details

Version: 0.2.0
Check: Rd cross-references
Result: NOTE
    Undeclared package ‘ldatuning’ in Rd xrefs
Flavor: r-devel-linux-x86_64-fedora-clang