CRAN Package Check Results for Package BurStFin

Last updated on 2019-04-21 14:49:30 CEST.

Flavor Version Tinstall Tcheck Ttotal Status Flags
r-devel-linux-x86_64-debian-clang 1.02 2.63 21.82 24.45 NOTE
r-devel-linux-x86_64-debian-gcc 1.02 1.93 17.48 19.41 NOTE
r-devel-linux-x86_64-fedora-clang 1.02 29.29 NOTE
r-devel-linux-x86_64-fedora-gcc 1.02 28.62 NOTE
r-devel-windows-ix86+x86_64 1.02 4.00 32.00 36.00 NOTE
r-patched-linux-x86_64 1.02 2.32 21.68 24.00 NOTE
r-patched-solaris-x86 1.02 44.60 NOTE
r-release-linux-x86_64 1.02 1.97 20.75 22.72 NOTE
r-release-windows-ix86+x86_64 1.02 3.00 32.00 35.00 NOTE
r-release-osx-x86_64 1.02 NOTE
r-oldrel-windows-ix86+x86_64 1.02 2.00 36.00 38.00 NOTE
r-oldrel-osx-x86_64 1.02 NOTE

Check Details

Version: 1.02
Check: R code for possible problems
Result: NOTE
    alpha.proxy: no visible global function definition for 'filled.contour'
    alpha.proxy: no visible global function definition for 'axis'
    alpha.proxy: no visible global function definition for 'contour'
    factor.model.stat: no visible global function definition for 'quantile'
    factor.model.stat: no visible global function definition for 'lsfit'
    partial.rainbow: no visible binding for global variable 'rainbow'
    var.shrink.eqcor: no visible global function definition for 'var'
    var.shrink.eqcor: no visible global function definition for 'quantile'
    var.shrink.eqcor: no visible global function definition for 'cov2cor'
    Undefined global functions or variables:
     axis contour cov2cor filled.contour lsfit quantile rainbow var
    Consider adding
     importFrom("grDevices", "rainbow")
     importFrom("graphics", "axis", "contour", "filled.contour")
     importFrom("stats", "cov2cor", "lsfit", "quantile", "var")
    to your NAMESPACE file.
Flavors: r-devel-linux-x86_64-debian-clang, r-devel-linux-x86_64-debian-gcc, r-devel-linux-x86_64-fedora-clang, r-devel-linux-x86_64-fedora-gcc, r-devel-windows-ix86+x86_64, r-patched-linux-x86_64, r-patched-solaris-x86, r-release-linux-x86_64, r-release-windows-ix86+x86_64, r-release-osx-x86_64, r-oldrel-windows-ix86+x86_64, r-oldrel-osx-x86_64