CRAN Package Check Results for Package BurStMisc

Last updated on 2020-11-30 18:51:12 CET.

Flavor Version Tinstall Tcheck Ttotal Status Flags
r-devel-linux-x86_64-debian-clang 1.1 2.89 24.71 27.60 OK
r-devel-linux-x86_64-debian-gcc 1.1 2.09 20.63 22.72 OK
r-devel-linux-x86_64-fedora-clang 1.1 40.90 NOTE
r-devel-linux-x86_64-fedora-gcc 1.1 31.34 OK
r-devel-windows-ix86+x86_64 1.1 5.00 32.00 37.00 OK
r-patched-linux-x86_64 1.1 2.90 24.07 26.97 OK
r-patched-solaris-x86 1.1 49.70 OK
r-release-linux-x86_64 1.1 2.92 25.13 28.05 OK
r-release-macos-x86_64 1.1 OK
r-release-windows-ix86+x86_64 1.1 5.00 33.00 38.00 OK
r-oldrel-macos-x86_64 1.1 OK
r-oldrel-windows-ix86+x86_64 1.1 4.00 40.00 44.00 OK

Check Details

Version: 1.1
Check: Rd cross-references
Result: NOTE
    Undeclared packages ‘Hmisc’, ‘gtools’ in Rd xrefs
Flavor: r-devel-linux-x86_64-fedora-clang