Last updated on 2022-07-06 23:52:39 CEST.
Flavor | Version | Tinstall | Tcheck | Ttotal | Status | Flags |
---|---|---|---|---|---|---|
r-devel-linux-x86_64-debian-clang | 2.3.11 | 115.11 | 320.30 | 435.41 | OK | |
r-devel-linux-x86_64-debian-gcc | 2.3.11 | 100.77 | 224.05 | 324.82 | OK | |
r-devel-linux-x86_64-fedora-clang | 2.3.11 | 525.29 | NOTE | |||
r-devel-linux-x86_64-fedora-gcc | 2.3.11 | 501.64 | OK | |||
r-devel-windows-x86_64 | 2.3.11 | 185.00 | 130.00 | 315.00 | OK | --no-examples --no-tests --no-vignettes |
r-patched-linux-x86_64 | 2.3.11 | 110.34 | 283.71 | 394.05 | OK | |
r-release-linux-x86_64 | 2.3.11 | 89.12 | 278.80 | 367.92 | OK | |
r-release-macos-arm64 | 2.3.11 | 134.00 | NOTE | |||
r-release-macos-x86_64 | 2.3.11 | 201.00 | NOTE | |||
r-release-windows-x86_64 | 2.3.11 | 153.00 | 131.00 | 284.00 | OK | --no-examples --no-tests --no-vignettes |
r-oldrel-macos-arm64 | 2.3.11 | 119.00 | NOTE | |||
r-oldrel-macos-x86_64 | 2.3.11 | 148.00 | NOTE | |||
r-oldrel-windows-ix86+x86_64 | 2.3.11 | 256.00 | 155.00 | 411.00 | OK | --no-examples --no-tests --no-vignettes |
Version: 2.3.11
Check: installed package size
Result: NOTE
installed size is 6.3Mb
sub-directories of 1Mb or more:
libs 4.7Mb
Flavors: r-devel-linux-x86_64-fedora-clang, r-release-macos-arm64, r-release-macos-x86_64, r-oldrel-macos-arm64, r-oldrel-macos-x86_64