Last updated on 2025-04-30 11:51:57 CEST.
Flavor | Version | Tinstall | Tcheck | Ttotal | Status | Flags |
---|---|---|---|---|---|---|
r-devel-linux-x86_64-debian-clang | 3.1.0 | 90.73 | 291.51 | 382.24 | OK | |
r-devel-linux-x86_64-debian-gcc | 3.1.0 | 69.42 | 191.90 | 261.32 | OK | |
r-devel-linux-x86_64-fedora-clang | 3.1.0 | 615.33 | OK | |||
r-devel-linux-x86_64-fedora-gcc | 3.1.0 | 648.09 | OK | |||
r-devel-windows-x86_64 | 3.1.0 | 101.00 | 150.00 | 251.00 | OK | --no-examples --no-tests --no-vignettes |
r-patched-linux-x86_64 | 3.1.0 | 102.17 | 252.76 | 354.93 | OK | |
r-release-linux-x86_64 | 3.1.0 | 94.47 | 253.89 | 348.36 | OK | |
r-release-macos-arm64 | 3.1.0 | 134.00 | OK | |||
r-release-macos-x86_64 | 3.1.0 | 185.00 | OK | |||
r-release-windows-x86_64 | 3.1.0 | 102.00 | 152.00 | 254.00 | OK | --no-examples --no-tests --no-vignettes |
r-oldrel-macos-arm64 | 3.1.0 | 121.00 | NOTE | |||
r-oldrel-macos-x86_64 | 3.1.0 | 183.00 | NOTE | |||
r-oldrel-windows-x86_64 | 3.1.0 | 122.00 | 148.00 | 270.00 | OK | --no-examples --no-tests --no-vignettes |
Version: 3.1.0
Check: installed package size
Result: NOTE
installed size is 8.6Mb
sub-directories of 1Mb or more:
libs 6.9Mb
Flavors: r-oldrel-macos-arm64, r-oldrel-macos-x86_64