CRAN Package Check Results for Package C443

Last updated on 2019-08-18 00:46:08 CEST.

Flavor Version Tinstall Tcheck Ttotal Status Flags
r-devel-linux-x86_64-debian-clang 1.0.0 11.24 97.89 109.13 OK
r-devel-linux-x86_64-debian-gcc 1.0.0 9.43 74.81 84.24 OK
r-devel-linux-x86_64-fedora-clang 1.0.0 128.32 OK
r-devel-linux-x86_64-fedora-gcc 1.0.0 121.51 OK
r-devel-windows-ix86+x86_64 1.0.0 41.00 174.00 215.00 OK
r-patched-linux-x86_64 1.0.0 7.87 93.54 101.41 OK
r-patched-solaris-x86 1.0.0 221.10 OK
r-release-linux-x86_64 1.0.0 11.09 96.71 107.80 OK
r-release-windows-ix86+x86_64 1.0.0 23.00 161.00 184.00 OK
r-release-osx-x86_64 1.0.0 OK
r-oldrel-windows-ix86+x86_64 1.0.0 13.00 11.00 24.00 ERROR
r-oldrel-osx-x86_64 1.0.0 OK

Check Details

Version: 1.0.0
Check: whether package can be installed
Result: ERROR
    Installation failed.
Flavor: r-oldrel-windows-ix86+x86_64