CRAN Package Check Results for Package C50

Last updated on 2021-09-20 15:52:33 CEST.

Flavor Version Tinstall Tcheck Ttotal Status Flags
r-devel-linux-x86_64-debian-clang 0.1.5 23.22 78.83 102.05 OK
r-devel-linux-x86_64-debian-gcc 0.1.5 15.84 60.49 76.33 OK
r-devel-linux-x86_64-fedora-clang 0.1.5 132.16 OK
r-devel-linux-x86_64-fedora-gcc 0.1.5 118.96 OK
r-devel-windows-x86_64 0.1.5 34.00 81.00 115.00 OK
r-devel-windows-x86_64-gcc10-UCRT 0.1.5 ERROR
r-patched-linux-x86_64 0.1.5 18.62 79.03 97.65 OK
r-patched-solaris-x86 0.1.5 188.00 OK
r-release-linux-x86_64 0.1.5 19.54 79.30 98.84 OK
r-release-macos-arm64 0.1.5 OK
r-release-macos-x86_64 0.1.5 OK
r-release-windows-ix86+x86_64 0.1.5 77.00 136.00 213.00 OK
r-oldrel-macos-x86_64 0.1.5 OK
r-oldrel-windows-ix86+x86_64 0.1.5 71.00 134.00 205.00 OK

Check Details

Version: 0.1.5
Check: whether package can be installed
Result: ERROR
    Installation failed.
Flavor: r-devel-windows-x86_64-gcc10-UCRT