Last updated on 2025-04-30 18:51:25 CEST.
Flavor | Version | Tinstall | Tcheck | Ttotal | Status | Flags |
---|---|---|---|---|---|---|
r-devel-linux-x86_64-debian-clang | 3.3.1 | 12.28 | 90.09 | 102.37 | NOTE | |
r-devel-linux-x86_64-debian-gcc | 3.3.1 | 7.94 | 59.51 | 67.45 | NOTE | |
r-devel-linux-x86_64-fedora-clang | 3.3.1 | 146.52 | OK | |||
r-devel-linux-x86_64-fedora-gcc | 3.3.1 | 149.58 | OK | |||
r-devel-windows-x86_64 | 3.3.1 | 14.00 | 107.00 | 121.00 | OK | |
r-patched-linux-x86_64 | 3.3.1 | 11.41 | 83.50 | 94.91 | OK | |
r-release-linux-x86_64 | 3.3.1 | 12.07 | 82.34 | 94.41 | OK | |
r-release-macos-arm64 | 3.3.1 | 64.00 | OK | |||
r-release-macos-x86_64 | 3.3.1 | 77.00 | OK | |||
r-release-windows-x86_64 | 3.3.1 | 13.00 | 101.00 | 114.00 | OK | |
r-oldrel-macos-arm64 | 3.3.1 | 43.00 | OK | |||
r-oldrel-macos-x86_64 | 3.3.1 | 56.00 | OK | |||
r-oldrel-windows-x86_64 | 3.3.1 | 16.00 | 125.00 | 141.00 | OK |
Version: 3.3.1
Check: CRAN incoming feasibility
Result: NOTE
Maintainer: ‘Rosaria Lombardo <rosaria.lombardo@unicampania.it>’
No Authors@R field in DESCRIPTION.
Please add one, modifying
Authors@R: c(person(given = "Rosaria",
family = "Lombardo",
role = c("aut", "cre"),
email = "rosaria.lombardo@unicampania.it"),
person(given = c("Eric", "J"),
family = "Beh",
role = "aut"),
person(given = "Michel",
family = "van de Velden",
role = "aut"))
as necessary.
Flavors: r-devel-linux-x86_64-debian-clang, r-devel-linux-x86_64-debian-gcc
Version: 3.3.1
Check: examples
Result: NOTE
Examples with CPU (user + system) or elapsed time > 5s
user system elapsed
plot.CA3variants 4.141 0.134 5.092
Flavor: r-devel-linux-x86_64-debian-clang