Last updated on 2025-01-18 08:49:11 CET.
Flavor | Version | Tinstall | Tcheck | Ttotal | Status | Flags |
---|---|---|---|---|---|---|
r-devel-linux-x86_64-debian-clang | 0.1 | 47.17 | 209.71 | 256.88 | OK | |
r-devel-linux-x86_64-debian-gcc | 0.1 | 35.13 | 134.98 | 170.11 | OK | |
r-devel-linux-x86_64-fedora-clang | 0.1 | 440.42 | NOTE | |||
r-devel-linux-x86_64-fedora-gcc | 0.1 | 422.96 | NOTE | |||
r-devel-windows-x86_64 | 0.1 | 61.00 | 198.00 | 259.00 | OK | |
r-patched-linux-x86_64 | 0.1 | 45.01 | 186.88 | 231.89 | OK | |
r-release-linux-x86_64 | 0.1 | 45.87 | 198.14 | 244.01 | OK | |
r-release-macos-arm64 | 0.1 | 131.00 | NOTE | |||
r-release-macos-x86_64 | 0.1 | 311.00 | NOTE | |||
r-release-windows-x86_64 | 0.1 | 59.00 | 198.00 | 257.00 | NOTE | |
r-oldrel-macos-arm64 | 0.1 | 127.00 | NOTE | |||
r-oldrel-macos-x86_64 | 0.1 | 282.00 | NOTE | |||
r-oldrel-windows-x86_64 | 0.1 | 57.00 | 270.00 | 327.00 | NOTE |
Version: 0.1
Check: dependencies in R code
Result: NOTE
Namespace in Imports field not imported from: ‘R6’
All declared Imports should be used.
Flavors: r-devel-linux-x86_64-fedora-clang, r-devel-linux-x86_64-fedora-gcc
Version: 0.1
Check: installed package size
Result: NOTE
installed size is 11.9Mb
sub-directories of 1Mb or more:
data 10.0Mb
Flavors: r-release-macos-arm64, r-release-macos-x86_64, r-release-windows-x86_64, r-oldrel-macos-arm64, r-oldrel-macos-x86_64, r-oldrel-windows-x86_64