CRAN Package Check Results for Package CAISEr

Last updated on 2019-03-20 16:48:52 CET.

Flavor Version Tinstall Tcheck Ttotal Status Flags
r-devel-linux-x86_64-debian-clang 0.3.3 2.28 76.50 78.78 WARN
r-devel-linux-x86_64-debian-gcc 0.3.3 2.10 63.45 65.55 OK
r-devel-linux-x86_64-fedora-clang 0.3.3 92.31 OK
r-devel-linux-x86_64-fedora-gcc 0.3.3 89.51 OK
r-devel-windows-ix86+x86_64 0.3.3 7.00 74.00 81.00 OK
r-patched-linux-x86_64 0.3.3 1.59 76.76 78.35 OK
r-patched-solaris-x86 0.3.3 65.30 OK
r-release-linux-x86_64 0.3.3 1.90 75.97 77.87 OK
r-release-windows-ix86+x86_64 0.3.3 6.00 50.00 56.00 OK
r-release-osx-x86_64 0.3.3 OK
r-oldrel-windows-ix86+x86_64 0.3.3 4.00 6.00 10.00 ERROR
r-oldrel-osx-x86_64 0.3.3 ERROR

Check Details

Version: 0.3.3
Check: whether package can be installed
Result: WARN
    Found the following significant warnings:
     Warning: unable to re-encode 'calc_nreps2.R' line 135
     Warning: unable to re-encode 'run_experiment.R' line 160
     Warning: unable to re-encode 'se_param.R' line 8
Flavor: r-devel-linux-x86_64-debian-clang

Version: 0.3.3
Check: package dependencies
Result: ERROR
    Package required and available but unsuitable version: 'parallel'
    
    See section 'The DESCRIPTION file' in the 'Writing R Extensions'
    manual.
Flavors: r-oldrel-windows-ix86+x86_64, r-oldrel-osx-x86_64