CRAN Package Check Results for Package CAMAN

Last updated on 2020-10-25 18:49:36 CET.

Flavor Version Tinstall Tcheck Ttotal Status Flags
r-devel-linux-x86_64-debian-clang 0.74 22.89 57.45 80.34 OK
r-devel-linux-x86_64-debian-gcc 0.74 16.66 43.16 59.82 OK
r-devel-linux-x86_64-fedora-clang 0.74 113.01 NOTE
r-devel-linux-x86_64-fedora-gcc 0.74 94.24 NOTE
r-devel-windows-ix86+x86_64 0.74 46.00 120.00 166.00 OK
r-patched-linux-x86_64 0.74 20.14 54.28 74.42 OK
r-patched-solaris-x86 0.74 129.20 OK
r-release-linux-x86_64 0.74 18.64 53.78 72.42 OK
r-release-macos-x86_64 0.74 OK
r-release-windows-ix86+x86_64 0.74 41.00 90.00 131.00 OK
r-oldrel-macos-x86_64 0.74 OK
r-oldrel-windows-ix86+x86_64 0.74 34.00 111.00 145.00 OK

Check Details

Version: 0.74
Check: compiled code
Result: NOTE
    File ‘CAMAN/libs/CAMAN.so’:
     Found no calls to: ‘R_registerRoutines’, ‘R_useDynamicSymbols’
    
    It is good practice to register native routines and to disable symbol
    search.
    
    See ‘Writing portable packages’ in the ‘Writing R Extensions’ manual.
Flavors: r-devel-linux-x86_64-fedora-clang, r-devel-linux-x86_64-fedora-gcc