Last updated on 2022-07-04 14:51:22 CEST.
Flavor | Version | Tinstall | Tcheck | Ttotal | Status | Flags |
---|---|---|---|---|---|---|
r-devel-linux-x86_64-debian-clang | 0.2.2 | 43.95 | 408.77 | 452.72 | OK | |
r-devel-linux-x86_64-debian-gcc | 0.2.2 | 37.95 | 297.63 | 335.58 | OK | |
r-devel-linux-x86_64-fedora-clang | 0.2.2 | 546.07 | WARN | |||
r-devel-linux-x86_64-fedora-gcc | 0.2.2 | 537.84 | WARN | |||
r-devel-windows-x86_64 | 0.2.2 | 44.00 | 441.00 | 485.00 | OK | |
r-patched-linux-x86_64 | 0.2.2 | 41.31 | 383.85 | 425.16 | OK | |
r-release-linux-x86_64 | 0.2.2 | 31.63 | 385.59 | 417.22 | OK | |
r-release-macos-arm64 | 0.2.2 | 142.00 | OK | |||
r-release-macos-x86_64 | 0.2.2 | 193.00 | OK | |||
r-release-windows-x86_64 | 0.2.2 | 49.00 | 419.00 | 468.00 | OK | |
r-oldrel-macos-arm64 | 0.2.2 | 139.00 | OK | |||
r-oldrel-macos-x86_64 | 0.2.2 | 183.00 | OK | |||
r-oldrel-windows-ix86+x86_64 | 0.2.2 | 112.00 | 394.00 | 506.00 | OK |
Version: 0.2.2
Check: package dependencies
Result: WARN
Requires (indirectly) orphaned package: ‘gtools’
Flavors: r-devel-linux-x86_64-fedora-clang, r-devel-linux-x86_64-fedora-gcc