CRAN Package Check Results for Package CARLIT

Last updated on 2021-01-20 02:50:11 CET.

Flavor Version Tinstall Tcheck Ttotal Status Flags
r-devel-linux-x86_64-debian-clang 1.0 2.12 22.14 24.26 NOTE
r-devel-linux-x86_64-debian-gcc 1.0 1.61 18.00 19.61 NOTE
r-devel-linux-x86_64-fedora-clang 1.0 39.50 NOTE
r-devel-linux-x86_64-fedora-gcc 1.0 30.48 NOTE
r-devel-windows-ix86+x86_64 1.0 3.00 27.00 30.00 NOTE
r-patched-linux-x86_64 1.0 2.14 21.87 24.01 NOTE
r-patched-solaris-x86 1.0 49.00 NOTE
r-release-linux-x86_64 1.0 2.15 22.05 24.20 NOTE
r-release-macos-x86_64 1.0 NOTE
r-release-windows-ix86+x86_64 1.0 4.00 36.00 40.00 NOTE
r-oldrel-macos-x86_64 1.0 NOTE
r-oldrel-windows-ix86+x86_64 1.0 5.00 42.00 47.00 NOTE

Check Details

Version: 1.0
Check: R code for possible problems
Result: NOTE
    barplotEQR: no visible global function definition for 'barplot'
    barplotEQR: no visible global function definition for 'abline'
    barplotEQR: no visible global function definition for 'par'
    barplotEQR: no visible global function definition for 'text'
    Undefined global functions or variables:
     abline barplot par text
    Consider adding
     importFrom("graphics", "abline", "barplot", "par", "text")
    to your NAMESPACE file.
Flavors: r-devel-linux-x86_64-debian-clang, r-devel-linux-x86_64-debian-gcc, r-devel-linux-x86_64-fedora-clang, r-devel-linux-x86_64-fedora-gcc, r-devel-windows-ix86+x86_64, r-patched-linux-x86_64, r-patched-solaris-x86, r-release-linux-x86_64, r-release-macos-x86_64, r-release-windows-ix86+x86_64, r-oldrel-macos-x86_64, r-oldrel-windows-ix86+x86_64